{"id":16249,"date":"2024-11-01T19:11:25","date_gmt":"2024-11-01T19:11:25","guid":{"rendered":"https:\/\/mambaby.al\/?post_type=product&#038;p=16249"},"modified":"2024-11-08T00:02:14","modified_gmt":"2024-11-08T00:02:14","slug":"ftohes-dhembezues","status":"publish","type":"product","link":"https:\/\/mambaby.al\/?product=ftohes-dhembezues","title":{"rendered":"Ftoh\u00ebs &#8211; Dh\u00ebmb\u00ebzues"},"content":{"rendered":"<p>Dh\u00ebmb\u00ebt e par\u00eb t\u00eb foshnj\u00ebs jan\u00eb nj\u00eb aventur\u00eb krejt e re. Dizajner\u00ebt MAM kan\u00eb zhvilluar nj\u00eb dh\u00ebmb\u00ebzues i cili ftohet dhe duket i fresk\u00ebt. Ftoh\u00ebsi \u00ebsht\u00eb zbavit\u00ebs p\u00ebr t&#8217;u p\u00ebrdorur dhe duke p\u00ebrtypur, ftohur dhe \u00e7lodhur u jep mund\u00ebsi foshnjave t\u00eb harrojn\u00eb shpejt problemet e dh\u00ebmb\u00ebve.<\/p>\n<p>Struktura dhe materiale t\u00eb ndryshme sip\u00ebrfaq\u00ebsore e b\u00ebjn\u00eb dh\u00ebmb\u00ebt m\u00eb t\u00eb leht\u00eb.<br \/>\nForma unike e elementit ftoh\u00ebs gjithashtu arrin leht\u00ebsisht mishrat.<br \/>\nNdihmon n\u00eb nxitjen e zhvillimit t\u00eb foshnj\u00ebs suaj.<\/p>\n<p><img decoding=\"async\" class=\"alignnone wp-image-16253\" src=\"http:\/\/mambaby.al\/wp-content\/uploads\/2024\/11\/cooleren_es_2_400x400-300x300.jpg\" alt=\"\" width=\"195\" height=\"195\" srcset=\"https:\/\/mambaby.al\/wp-content\/uploads\/2024\/11\/cooleren_es_2_400x400-300x300.jpg 300w, https:\/\/mambaby.al\/wp-content\/uploads\/2024\/11\/cooleren_es_2_400x400-150x150.jpg 150w, https:\/\/mambaby.al\/wp-content\/uploads\/2024\/11\/cooleren_es_2_400x400.jpg 400w\" sizes=\"(max-width: 195px) 100vw, 195px\" \/><\/p>\n<p>1. PJESA FTOH\u00cbSE E MBUSHUR ME UJ\u00cb<br \/>\nForma unike arrin dh\u00ebmb\u00ebt n\u00eb m\u00ebnyr\u00eb t\u00eb p\u00ebrsosur.<\/p>\n<p>2. DOREZA E UNAZ\u00cbS<br \/>\nForma e lakuar \u00ebsht\u00eb e leht\u00eb p\u00ebr t&#8217;u kapur dhe p\u00ebr t&#8217;u mbajtur.<\/p>\n<p>3. 5 STRUKTURAT<br \/>\nMasazhoni mishrat e ndjesh\u00ebm. P\u00ebr nj\u00eb shum\u00ebllojshm\u00ebri k\u00ebnaq\u00ebsish kafshuese.<\/p>\n<div class=\"product-detail-label-inner\">\n<p><img decoding=\"async\" class=\"img-fluid\" title=\"All MAM products are made from materials free of BPA and BPS\" src=\"https:\/\/cdn.mambaby.com\/icMtWssxii9cP4Rt_cugBo6JVWUYGL7rjOoSFH9S7NM\/rs%3Afit%3A3000%3A%3A\/gravity%3Asm\/aHR0cHM6Ly93d3cubWFtYmFieS5jb20vbWVkaWEvYmUvZzAvMzkvMTcwNjc4MDk3MC9tYW0taWNvbnNhbmRhd2FyZHNfQlBBLUJQUyBGcmVlLmpwZw\" alt=\"All MAM products are made from materials free of BPA and BPS\" width=\"100\" height=\"100\" \/>\u00a0<br \/>\nT\u00eb gjitha produktet MAM jan\u00eb b\u00ebr\u00eb nga materiale pa BPA dhe BPS<\/p>\n<\/div>\n<div class=\"product-detail-label-inner\"><img decoding=\"async\" class=\"img-fluid\" title=\"For babies from 4 months\" src=\"https:\/\/cdn.mambaby.com\/fkaOpRkmTqfcL6FTcpBoN1rOhoSGGuupb7k5-Slav0c\/rs%3Afit%3A3000%3A%3A\/gravity%3Asm\/aHR0cHM6Ly93d3cubWFtYmFieS5jb20vbWVkaWEvMDcvODcvNTYvMTcwNjc4MTYyOC9tYW0taWNvbnNhbmRhd2FyZHNfNHBsdXMuanBn\" alt=\"For babies from 4 months\" width=\"100\" height=\"100\" \/>\u00a0<br \/>\nP\u00ebr bebet nga 4 muaj<\/div>\n","protected":false},"excerpt":{"rendered":"<p>Dh\u00ebmb\u00ebt e par\u00eb t\u00eb foshnj\u00ebs jan\u00eb nj\u00eb aventur\u00eb krejt e re. Dizajner\u00ebt MAM kan\u00eb zhvilluar nj\u00eb dh\u00ebmb\u00ebzues i cili ftohet<\/p>\n","protected":false},"featured_media":16250,"comment_status":"open","ping_status":"closed","template":"","meta":[],"product_cat":[85],"product_tag":[],"class_list":{"0":"post-16249","1":"product","2":"type-product","3":"status-publish","4":"has-post-thumbnail","6":"product_cat-kujdesi-oral","8":"first","9":"instock","10":"shipping-taxable","11":"purchasable","12":"product-type-simple"},"_links":{"self":[{"href":"https:\/\/mambaby.al\/index.php?rest_route=\/wp\/v2\/product\/16249","targetHints":{"allow":["GET"]}}],"collection":[{"href":"https:\/\/mambaby.al\/index.php?rest_route=\/wp\/v2\/product"}],"about":[{"href":"https:\/\/mambaby.al\/index.php?rest_route=\/wp\/v2\/types\/product"}],"replies":[{"embeddable":true,"href":"https:\/\/mambaby.al\/index.php?rest_route=%2Fwp%2Fv2%2Fcomments&post=16249"}],"version-history":[{"count":5,"href":"https:\/\/mambaby.al\/index.php?rest_route=\/wp\/v2\/product\/16249\/revisions"}],"predecessor-version":[{"id":16616,"href":"https:\/\/mambaby.al\/index.php?rest_route=\/wp\/v2\/product\/16249\/revisions\/16616"}],"wp:featuredmedia":[{"embeddable":true,"href":"https:\/\/mambaby.al\/index.php?rest_route=\/wp\/v2\/media\/16250"}],"wp:attachment":[{"href":"https:\/\/mambaby.al\/index.php?rest_route=%2Fwp%2Fv2%2Fmedia&parent=16249"}],"wp:term":[{"taxonomy":"product_cat","embeddable":true,"href":"https:\/\/mambaby.al\/index.php?rest_route=%2Fwp%2Fv2%2Fproduct_cat&post=16249"},{"taxonomy":"product_tag","embeddable":true,"href":"https:\/\/mambaby.al\/index.php?rest_route=%2Fwp%2Fv2%2Fproduct_tag&post=16249"}],"curies":[{"name":"wp","href":"https:\/\/api.w.org\/{rel}","templated":true}]}}