{"id":16408,"date":"2024-11-05T10:13:06","date_gmt":"2024-11-05T10:13:06","guid":{"rendered":"https:\/\/mambaby.al\/?post_type=product&#038;p=16408"},"modified":"2024-11-07T23:39:34","modified_gmt":"2024-11-07T23:39:34","slug":"learn-to-drink-cup-wild-animals-190ml-drinking-cup","status":"publish","type":"product","link":"https:\/\/mambaby.al\/?product=learn-to-drink-cup-wild-animals-190ml-drinking-cup","title":{"rendered":"Learn to Drink Cup Wild Animals 190ml &#8211; Drinking Cup"},"content":{"rendered":"<p>Gati p\u00ebr kup\u00ebn Learn To Drink? Dizajner\u00ebt e MAM kan\u00eb zhvilluar nj\u00eb kup\u00eb novatore Learn To Drink Cup nga e cila foshnjat mund t\u00eb m\u00ebsojn\u00eb t\u00eb pin\u00eb vet\u00eb.<\/p>\n<p>P\u00ebr nj\u00eb kalim t\u00eb leht\u00eb nga shishja ose gjoksi n\u00eb nj\u00eb kup\u00eb M\u00ebso t\u00eb pish<br \/>\nPa derdhje (me valvul) ose rrjedhje t\u00eb lir\u00eb pa valvula<br \/>\nE leht\u00eb p\u00ebr t&#8217;u mbajtur<br \/>\nDizajn elegant<\/p>\n<p><img decoding=\"async\" class=\"alignnone  wp-image-16415\" src=\"http:\/\/mambaby.al\/wp-content\/uploads\/2024\/11\/learn_to_drink_190ml_3_3_1_2_400x400-300x300.jpg\" alt=\"\" width=\"203\" height=\"203\" srcset=\"https:\/\/mambaby.al\/wp-content\/uploads\/2024\/11\/learn_to_drink_190ml_3_3_1_2_400x400-300x300.jpg 300w, https:\/\/mambaby.al\/wp-content\/uploads\/2024\/11\/learn_to_drink_190ml_3_3_1_2_400x400-150x150.jpg 150w, https:\/\/mambaby.al\/wp-content\/uploads\/2024\/11\/learn_to_drink_190ml_3_3_1_2_400x400.jpg 400w\" sizes=\"(max-width: 203px) 100vw, 203px\" \/><\/p>\n<p>1. + 2. SPOUT &amp; VALVULA<br \/>\nNdjenj\u00eb e but\u00eb dhe e njohur \u2013 p\u00ebr kalimin e leht\u00eb nga shishja ose ushqyerja me gji n\u00eb filxhan. Sistemi i valvulave t\u00eb patentuara.<\/p>\n<p>3. MAM DESIGN<br \/>\nBeli i lakuar anti-rr\u00ebshqit\u00ebs\u2013 i leht\u00eb p\u00ebr t&#8217;u mbajtur p\u00ebr bebet. Pajtueshm\u00ebria e gam\u00ebs s\u00eb plot\u00eb \u2013 t\u00eb gjitha pjes\u00ebt e kup\u00ebs MAM jan\u00eb t\u00eb nd\u00ebrrueshme!<\/p>\n<p>Produkti plot\u00ebson k\u00ebrkesat e Standardit Evropian EN 14350:2020.<br \/>\nDorezat e kup\u00ebs dhe kup\u00ebs jan\u00eb t\u00eb p\u00ebrputhshme me t\u00eb gjitha kupat MAM.<\/p>\n<p><img decoding=\"async\" class=\"img-fluid\" title=\"All MAM products are made from materials free of BPA and BPS\" src=\"https:\/\/cdn.mambaby.com\/icMtWssxii9cP4Rt_cugBo6JVWUYGL7rjOoSFH9S7NM\/rs%3Afit%3A3000%3A%3A\/gravity%3Asm\/aHR0cHM6Ly93d3cubWFtYmFieS5jb20vbWVkaWEvYmUvZzAvMzkvMTcwNjc4MDk3MC9tYW0taWNvbnNhbmRhd2FyZHNfQlBBLUJQUyBGcmVlLmpwZw\" alt=\"All MAM products are made from materials free of BPA and BPS\" width=\"100\" height=\"100\" \/><br \/>\nT\u00eb gjitha produktet MAM jan\u00eb b\u00ebr\u00eb nga materiale pa BPA dhe BPS<br \/>\n<img decoding=\"async\" class=\"img-fluid\" title=\"For babies from 6 months\" src=\"https:\/\/cdn.mambaby.com\/AcRyBDvoFt19DxYIQLmrLaF9hQwCWp1_r-ct117o2oI\/rs%3Afit%3A3000%3A%3A\/gravity%3Asm\/aHR0cHM6Ly93d3cubWFtYmFieS5jb20vbWVkaWEvYTcvNWMvODEvMTcwNjc4MTkzMi9NQU1faWNvbl82K19tLmpwZw\" alt=\"For babies from 6 months\" width=\"104\" height=\"104\" \/><br \/>\nP\u00ebr bebet nga 6 muaj<\/p>\n","protected":false},"excerpt":{"rendered":"<p>Gati p\u00ebr kup\u00ebn Learn To Drink? Dizajner\u00ebt e MAM kan\u00eb zhvilluar nj\u00eb kup\u00eb novatore Learn To Drink Cup nga e<\/p>\n","protected":false},"featured_media":16409,"comment_status":"open","ping_status":"closed","template":"","meta":[],"product_cat":[86],"product_tag":[],"class_list":{"0":"post-16408","1":"product","2":"type-product","3":"status-publish","4":"has-post-thumbnail","6":"product_cat-mesoni-te-pini-dhe-hani","8":"first","9":"instock","10":"shipping-taxable","11":"purchasable","12":"product-type-simple"},"_links":{"self":[{"href":"https:\/\/mambaby.al\/index.php?rest_route=\/wp\/v2\/product\/16408","targetHints":{"allow":["GET"]}}],"collection":[{"href":"https:\/\/mambaby.al\/index.php?rest_route=\/wp\/v2\/product"}],"about":[{"href":"https:\/\/mambaby.al\/index.php?rest_route=\/wp\/v2\/types\/product"}],"replies":[{"embeddable":true,"href":"https:\/\/mambaby.al\/index.php?rest_route=%2Fwp%2Fv2%2Fcomments&post=16408"}],"version-history":[{"count":2,"href":"https:\/\/mambaby.al\/index.php?rest_route=\/wp\/v2\/product\/16408\/revisions"}],"predecessor-version":[{"id":16589,"href":"https:\/\/mambaby.al\/index.php?rest_route=\/wp\/v2\/product\/16408\/revisions\/16589"}],"wp:featuredmedia":[{"embeddable":true,"href":"https:\/\/mambaby.al\/index.php?rest_route=\/wp\/v2\/media\/16409"}],"wp:attachment":[{"href":"https:\/\/mambaby.al\/index.php?rest_route=%2Fwp%2Fv2%2Fmedia&parent=16408"}],"wp:term":[{"taxonomy":"product_cat","embeddable":true,"href":"https:\/\/mambaby.al\/index.php?rest_route=%2Fwp%2Fv2%2Fproduct_cat&post=16408"},{"taxonomy":"product_tag","embeddable":true,"href":"https:\/\/mambaby.al\/index.php?rest_route=%2Fwp%2Fv2%2Fproduct_tag&post=16408"}],"curies":[{"name":"wp","href":"https:\/\/api.w.org\/{rel}","templated":true}]}}