{"id":16426,"date":"2024-11-05T10:25:40","date_gmt":"2024-11-05T10:25:40","guid":{"rendered":"https:\/\/mambaby.al\/?post_type=product&#038;p=16426"},"modified":"2025-05-07T19:14:13","modified_gmt":"2025-05-07T19:14:13","slug":"sports-cup-drinking-cup-8-months","status":"publish","type":"product","link":"https:\/\/mambaby.al\/?product=sports-cup-drinking-cup-8-months","title":{"rendered":"Sports Cup &#8211; Drinking Cup 12+ Muaj"},"content":{"rendered":"<p>Me f\u00ebmij\u00ebt novator\u00eb t\u00eb Shishes s\u00eb Sporteve mund t\u00eb pin\u00eb leht\u00eb dhe n\u00eb m\u00ebnyr\u00eb higjienike \u2013 ve\u00e7an\u00ebrisht gjat\u00eb koh\u00ebs q\u00eb jan\u00eb n\u00eb l\u00ebvizje<\/p>\n<ul>\n<li>Shishja e Sporteve hapet automatikisht. Nuk ka nevoj\u00eb p\u00ebr duar.<\/li>\n<li>Prova e derdhjes fal\u00eb sistemit t\u00eb valvulave t\u00eb patentuara<\/li>\n<li>E leht\u00eb p\u00ebr t&#8217;u mbajtur p\u00ebr shkak t\u00eb kapjes pa rr\u00ebshqitje<\/li>\n<li>Form\u00eb unike dhe e lakuar<\/li>\n<li>Dizajni i qepallave<\/li>\n<\/ul>\n<p><img decoding=\"async\" class=\"alignnone wp-image-16425\" src=\"http:\/\/mambaby.al\/wp-content\/uploads\/2024\/11\/sports_cup_3_3_400x400-1-300x300.jpg\" alt=\"\" width=\"205\" height=\"205\" srcset=\"https:\/\/mambaby.al\/wp-content\/uploads\/2024\/11\/sports_cup_3_3_400x400-1-300x300.jpg 300w, https:\/\/mambaby.al\/wp-content\/uploads\/2024\/11\/sports_cup_3_3_400x400-1-150x150.jpg 150w, https:\/\/mambaby.al\/wp-content\/uploads\/2024\/11\/sports_cup_3_3_400x400-1.jpg 400w\" sizes=\"(max-width: 205px) 100vw, 205px\" \/><\/p>\n<p>1. KAPAKU SPORTIV &amp; VALVULA<br \/>\nHigjienike dhe novatore \u2013 asgj\u00eb p\u00ebr t\u00eb t\u00ebrhequr apo shtyr\u00eb! Sistemi i valvulave t\u00eb patentuara.<\/p>\n<p>2. MAM DESIGN<br \/>\nForma e lakuar anti-rr\u00ebshqit\u00ebs \u2013 i leht\u00eb p\u00ebr t&#8217;u mbajtur p\u00ebr bebet. Pajtueshm\u00ebria e gam\u00ebs s\u00eb plot\u00eb \u2013 t\u00eb gjitha pjes\u00ebt e shishes MAM jan\u00eb t\u00eb nd\u00ebrrueshme!<\/p>\n<p>Produkti plot\u00ebson k\u00ebrkesat e Standardit Evropian EN 14350:2020.<br \/>\nDorezat e shishes jan\u00eb t\u00eb p\u00ebrputhshme me t\u00eb gjitha kupat MAM.<\/p>\n<p><img decoding=\"async\" class=\"img-fluid\" title=\"All MAM products are made from materials free of BPA and BPS\" src=\"https:\/\/cdn.mambaby.com\/icMtWssxii9cP4Rt_cugBo6JVWUYGL7rjOoSFH9S7NM\/rs%3Afit%3A3000%3A%3A\/gravity%3Asm\/aHR0cHM6Ly93d3cubWFtYmFieS5jb20vbWVkaWEvYmUvZzAvMzkvMTcwNjc4MDk3MC9tYW0taWNvbnNhbmRhd2FyZHNfQlBBLUJQUyBGcmVlLmpwZw\" alt=\"All MAM products are made from materials free of BPA and BPS\" width=\"107\" height=\"107\" \/><br \/>\nT\u00eb gjitha produktet MAM jan\u00eb b\u00ebr\u00eb nga materiale pa BPA dhe BPS<\/p>\n<div class=\"product-detail-label-inner\"><img decoding=\"async\" class=\"img-fluid\" title=\"Spill free - for a first independent feeding\" src=\"https:\/\/cdn.mambaby.com\/euoijplM7DftvJQha0XmnJoV3A_qVvf1NU7v3sb6FVM\/rs%3Afit%3A3000%3A%3A\/gravity%3Asm\/aHR0cHM6Ly93d3cubWFtYmFieS5jb20vbWVkaWEvZjUvZDYvY2UvMTcwNjc4OTM2MC9NQU1faWNvbl9ub25fc3BpbGxfNTAweDUwMHB4LmpwZw\" alt=\"Spill free - for a first independent feeding\" width=\"67\" height=\"67\" \/><br \/>\nProva e derdhjes &#8211; p\u00ebr nj\u00eb ushqim t\u00eb par\u00eb t\u00eb pavarur<\/div>\n<div>P\u00ebr foshnjat 12+ muaj<\/div>\n<p>&nbsp;<\/p>\n","protected":false},"excerpt":{"rendered":"<p>Me f\u00ebmij\u00ebt novator\u00eb t\u00eb Shishes s\u00eb Sporteve mund t\u00eb pin\u00eb leht\u00eb dhe n\u00eb m\u00ebnyr\u00eb higjienike \u2013 ve\u00e7an\u00ebrisht gjat\u00eb koh\u00ebs q\u00eb<\/p>\n","protected":false},"featured_media":16427,"comment_status":"open","ping_status":"closed","template":"","meta":[],"product_cat":[86],"product_tag":[],"class_list":{"0":"post-16426","1":"product","2":"type-product","3":"status-publish","4":"has-post-thumbnail","6":"product_cat-mesoni-te-pini-dhe-hani","8":"first","9":"instock","10":"shipping-taxable","11":"purchasable","12":"product-type-simple"},"_links":{"self":[{"href":"https:\/\/mambaby.al\/index.php?rest_route=\/wp\/v2\/product\/16426","targetHints":{"allow":["GET"]}}],"collection":[{"href":"https:\/\/mambaby.al\/index.php?rest_route=\/wp\/v2\/product"}],"about":[{"href":"https:\/\/mambaby.al\/index.php?rest_route=\/wp\/v2\/types\/product"}],"replies":[{"embeddable":true,"href":"https:\/\/mambaby.al\/index.php?rest_route=%2Fwp%2Fv2%2Fcomments&post=16426"}],"version-history":[{"count":9,"href":"https:\/\/mambaby.al\/index.php?rest_route=\/wp\/v2\/product\/16426\/revisions"}],"predecessor-version":[{"id":16758,"href":"https:\/\/mambaby.al\/index.php?rest_route=\/wp\/v2\/product\/16426\/revisions\/16758"}],"wp:featuredmedia":[{"embeddable":true,"href":"https:\/\/mambaby.al\/index.php?rest_route=\/wp\/v2\/media\/16427"}],"wp:attachment":[{"href":"https:\/\/mambaby.al\/index.php?rest_route=%2Fwp%2Fv2%2Fmedia&parent=16426"}],"wp:term":[{"taxonomy":"product_cat","embeddable":true,"href":"https:\/\/mambaby.al\/index.php?rest_route=%2Fwp%2Fv2%2Fproduct_cat&post=16426"},{"taxonomy":"product_tag","embeddable":true,"href":"https:\/\/mambaby.al\/index.php?rest_route=%2Fwp%2Fv2%2Fproduct_tag&post=16426"}],"curies":[{"name":"wp","href":"https:\/\/api.w.org\/{rel}","templated":true}]}}