{"id":16472,"date":"2024-11-06T12:45:22","date_gmt":"2024-11-06T12:45:22","guid":{"rendered":"https:\/\/mambaby.al\/?post_type=product&#038;p=16472"},"modified":"2024-11-07T23:33:10","modified_gmt":"2024-11-07T23:33:10","slug":"mam-easy-start-anti-colic-320ml-biberon","status":"publish","type":"product","link":"https:\/\/mambaby.al\/?product=mam-easy-start-anti-colic-320ml-biberon","title":{"rendered":"MAM Easy Start\u2122 Anti-Colic 320ml Biberon"},"content":{"rendered":"<ul>\n<li>Zvog\u00eblon flluskat e ajrit dhe kolik\u00ebn<\/li>\n<li>Koka e but\u00eb e shesht\u00eb \u2013 si gjiri i mamit kur ushqehet me gji<\/li>\n<li>Ideale p\u00ebr t&#8217;u kombinuar me ushqyerjen me gji<\/li>\n<li>Hapje e gjer\u00eb p\u00ebr mbushje dhe pastrim t\u00eb leht\u00eb<\/li>\n<li>Me funksion unik vet\u00eb-sterilizues \u2013 ideal p\u00ebr t\u00eb shkuar<\/li>\n<li>Dizajne t\u00eb shtypura nga t\u00eb dyja an\u00ebt \u2013 planimetri e qart\u00eb dhe tema me stil<\/li>\n<\/ul>\n<p><img fetchpriority=\"high\" decoding=\"async\" class=\"alignnone size-medium wp-image-16473\" src=\"http:\/\/mambaby.al\/wp-content\/uploads\/2024\/11\/mambaby_PDP_image_ESAC_numbers-2-300x300.webp\" alt=\"\" width=\"300\" height=\"300\" srcset=\"https:\/\/mambaby.al\/wp-content\/uploads\/2024\/11\/mambaby_PDP_image_ESAC_numbers-2-300x300.webp 300w, https:\/\/mambaby.al\/wp-content\/uploads\/2024\/11\/mambaby_PDP_image_ESAC_numbers-2-150x150.webp 150w, https:\/\/mambaby.al\/wp-content\/uploads\/2024\/11\/mambaby_PDP_image_ESAC_numbers-2.webp 400w\" sizes=\"(max-width: 300px) 100vw, 300px\" \/><\/p>\n<p>1. KAPAKU I PLUHURIT<br \/>\nProv\u00eb e derdhjes; Dyfishohet si nj\u00eb kup\u00eb mat\u00ebse<\/p>\n<p>2. KOK\u00cb SILIKONI SKINSOFTTM<br \/>\nForm\u00eb simetrike unike e shesht\u00eb \u2013 si gjoksi i mamit kur ushqehetme gji. Sip\u00ebrfaqe silikoni e but\u00eb m\u00ebndafshi &#8211; p\u00ebr nj\u00eb ndjenj\u00eb t\u00eb njohur. 94% e foshnjave pranojn\u00eb \u00e7ajin ton\u00eb t\u00eb shishes<\/p>\n<p>3. HAPJA E GJER\u00cb<br \/>\nMbushje e leht\u00eb; Pastrim i shpejt\u00eb dhe i leht\u00eb<\/p>\n<p>4. BAZA E VENTILUAR<br \/>\nRrjedhja e l\u00ebmuar e pengon foshnj\u00ebn t\u00eb g\u00eblltit\u00eb ajrin; zvog\u00eblon flluskat e ajrit dhe kolik\u00ebn2<\/p>\n<p>1Market research 2010-2020, testuar me 1.572 foshnja.<br \/>\n2Field study, Austria 2011, testuar me 73 n\u00ebna t\u00eb foshnjave me kolik\u00eb \/ Market research, USA 2010, testuar me 35 n\u00ebna t\u00eb foshnjave me kolik\u00eb.<\/p>\n<p><img decoding=\"async\" class=\"alignnone wp-image-16485\" src=\"http:\/\/mambaby.al\/wp-content\/uploads\/2024\/11\/ESAC_UK_safe_bottle_preparation-300x300.webp\" alt=\"\" width=\"254\" height=\"254\" srcset=\"https:\/\/mambaby.al\/wp-content\/uploads\/2024\/11\/ESAC_UK_safe_bottle_preparation-300x300.webp 300w, https:\/\/mambaby.al\/wp-content\/uploads\/2024\/11\/ESAC_UK_safe_bottle_preparation-800x800.webp 800w, https:\/\/mambaby.al\/wp-content\/uploads\/2024\/11\/ESAC_UK_safe_bottle_preparation-150x150.webp 150w, https:\/\/mambaby.al\/wp-content\/uploads\/2024\/11\/ESAC_UK_safe_bottle_preparation-768x768.webp 768w, https:\/\/mambaby.al\/wp-content\/uploads\/2024\/11\/ESAC_UK_safe_bottle_preparation-860x860.webp 860w, https:\/\/mambaby.al\/wp-content\/uploads\/2024\/11\/ESAC_UK_safe_bottle_preparation-430x430.webp 430w, https:\/\/mambaby.al\/wp-content\/uploads\/2024\/11\/ESAC_UK_safe_bottle_preparation-700x700.webp 700w, https:\/\/mambaby.al\/wp-content\/uploads\/2024\/11\/ESAC_UK_safe_bottle_preparation.webp 1200w\" sizes=\"(max-width: 254px) 100vw, 254px\" \/><\/p>\n<div class=\"product-detail-label-inner\">\n<p><img decoding=\"async\" class=\"img-fluid\" title=\"94% nipple acceptance: easily accepted by babies \u2013 for a familiar feeling\" src=\"https:\/\/cdn.mambaby.com\/Zt8FVhUW00IIKas-1zEOFNwe8EIhoxCN6C6XpSmpvI8\/rs%3Afit%3A3000%3A%3A\/gravity%3Asm\/aHR0cHM6Ly93d3cubWFtYmFieS5jb20vbWVkaWEvNTgvN2QvNDEvMTcwNjc4OTU2NS9NQU1faWNvbnNfYXNfb25saW5lX3Nob3BfMTAwMHgxMDAwcHhfOTRfbmlwcGxlX2FjY2VwdGFuY2UuanBn\" alt=\"94% nipple acceptance: easily accepted by babies \u2013 for a familiar feeling\" width=\"105\" height=\"105\" \/>\u00a0<br \/>\n94% pranimi i thithkave: pranohet leht\u00ebsisht nga foshnjat \u2013 p\u00ebr nj\u00eb ndjenj\u00eb t\u00eb njohur<\/p>\n<\/div>\n<div class=\"product-detail-label-inner\"><img loading=\"lazy\" decoding=\"async\" class=\"img-fluid\" title=\"All MAM products are made from materials free of BPA and BPS\" src=\"https:\/\/cdn.mambaby.com\/icMtWssxii9cP4Rt_cugBo6JVWUYGL7rjOoSFH9S7NM\/rs%3Afit%3A3000%3A%3A\/gravity%3Asm\/aHR0cHM6Ly93d3cubWFtYmFieS5jb20vbWVkaWEvYmUvZzAvMzkvMTcwNjc4MDk3MC9tYW0taWNvbnNhbmRhd2FyZHNfQlBBLUJQUyBGcmVlLmpwZw\" alt=\"All MAM products are made from materials free of BPA and BPS\" width=\"105\" height=\"105\" \/> \u00a0<br \/>\nT\u00eb gjitha produktet MAM jan\u00eb b\u00ebr\u00eb nga materiale pa BPA dhe BPS<\/div>\n<div class=\"product-detail-label-inner\"><img loading=\"lazy\" decoding=\"async\" class=\"img-fluid\" title=\"MAM SkinSoft\u2122 Silicone: easily accepted by babies - for a familiar feeling \" src=\"https:\/\/cdn.mambaby.com\/KraQVKEcXZREULqgaRzV-9Nii7V0O1FdsNg6s28T1uE\/rs%3Afit%3A3000%3A%3A\/gravity%3Asm\/aHR0cHM6Ly93d3cubWFtYmFieS5jb20vbWVkaWEvNmQvOGEvNzcvMTcwNjc4MjE0Ny9tYW0taWNvbnNhbmRhd2FyZHNfc2tpbl9zb2Z0X3NpbGljb25lLmpwZw\" alt=\"MAM SkinSoft\u2122 Silicone: easily accepted by babies - for a familiar feeling \" width=\"107\" height=\"107\" \/><br \/>\nMAM SkinSoft\u2122 Silicone: pranohet leht\u00eb nga foshnjat &#8211; p\u00ebr nj\u00eb ndjenj\u00eb t\u00eb njohur<\/div>\n<div><img loading=\"lazy\" decoding=\"async\" class=\"img-fluid\" title=\" This product has a self-sterilizing function - ideal for on the go\" src=\"https:\/\/cdn.mambaby.com\/ixwd_jDsLuErMeHSSllfEzCVHFeak4MX0Cwc28RNtF8\/rs%3Afit%3A3000%3A%3A\/gravity%3Asm\/aHR0cHM6Ly93d3cubWFtYmFieS5jb20vbWVkaWEvODUvODUvNWQvMTcwNjc4OTY3My9NQU1faWNvbnNfYXNfb25saW5lX3Nob3BfMTAwMHgxMDAwcHhfU2VsZi1TdGVyaWxpemluZy5qcGc\" alt=\" This product has a self-sterilizing function - ideal for on the go\" width=\"106\" height=\"106\" \/><br \/>\nKy produkt ka nj\u00eb funksion vet\u00eb-sterilizues &#8211; ideal p\u00ebr t\u00eb shkuar<\/div>\n<div><img loading=\"lazy\" decoding=\"async\" class=\"img-fluid\" title=\"This product is made in Europe\" src=\"https:\/\/cdn.mambaby.com\/Ii_H8uokVH4pnlBkvwbMmBcGhp0KotK4wn9oSyJrRNg\/rs%3Afit%3A3000%3A%3A\/gravity%3Asm\/aHR0cHM6Ly93d3cubWFtYmFieS5jb20vbWVkaWEvNGIvZDMvNGMvMTcxMTM4MTY4Ny9EZXNpZ24gb2huZSBUaXRlbCgyKS5qcGc\" alt=\"This product is made in Europe\" width=\"103\" height=\"103\" \/><br \/>\nKy produkt \u00ebsht\u00eb b\u00ebr\u00eb n\u00eb Evrop\u00eb<\/div>\n<div><img loading=\"lazy\" decoding=\"async\" class=\"img-fluid\" title=\"For babies from 4 months\" src=\"https:\/\/cdn.mambaby.com\/fkaOpRkmTqfcL6FTcpBoN1rOhoSGGuupb7k5-Slav0c\/rs%3Afit%3A3000%3A%3A\/gravity%3Asm\/aHR0cHM6Ly93d3cubWFtYmFieS5jb20vbWVkaWEvMDcvODcvNTYvMTcwNjc4MTYyOC9tYW0taWNvbnNhbmRhd2FyZHNfNHBsdXMuanBn\" alt=\"For babies from 4 months\" width=\"105\" height=\"105\" \/><br \/>\nP\u00ebr bebet nga 4 muaj<\/div>\n<div><img loading=\"lazy\" decoding=\"async\" class=\"img-fluid\" title=\"Flow rate 3: perfect for breast milk and formula\" src=\"https:\/\/cdn.mambaby.com\/4KxkufbMVj7c_nbYF9xRysYm4ZPQW6T81mnt9H9oei4\/rs%3Afit%3A3000%3A%3A\/gravity%3Asm\/aHR0cHM6Ly93d3cubWFtYmFieS5jb20vbWVkaWEvNDIvMzIvOTEvMTcwNjc4MjUzOC9tYW0taWNvbnNhbmRhd2FyZHNfdGVhdF8zLmpwZw\" alt=\"Flow rate 3: perfect for breast milk and formula\" width=\"104\" height=\"104\" \/><br \/>\nShkalla e rrjedhjes 3: perfekte p\u00ebr qum\u00ebshtin e gjirit dhe formul\u00ebn<\/div>\n","protected":false},"excerpt":{"rendered":"<p>Zvog\u00eblon flluskat e ajrit dhe kolik\u00ebn Koka e but\u00eb e shesht\u00eb \u2013 si gjiri i mamit kur ushqehet me gji<\/p>\n","protected":false},"featured_media":16474,"comment_status":"open","ping_status":"closed","template":"","meta":[],"product_cat":[83],"product_tag":[],"class_list":{"0":"post-16472","1":"product","2":"type-product","3":"status-publish","4":"has-post-thumbnail","6":"product_cat-biberon","8":"first","9":"instock","10":"shipping-taxable","11":"purchasable","12":"product-type-simple"},"_links":{"self":[{"href":"https:\/\/mambaby.al\/index.php?rest_route=\/wp\/v2\/product\/16472","targetHints":{"allow":["GET"]}}],"collection":[{"href":"https:\/\/mambaby.al\/index.php?rest_route=\/wp\/v2\/product"}],"about":[{"href":"https:\/\/mambaby.al\/index.php?rest_route=\/wp\/v2\/types\/product"}],"replies":[{"embeddable":true,"href":"https:\/\/mambaby.al\/index.php?rest_route=%2Fwp%2Fv2%2Fcomments&post=16472"}],"version-history":[{"count":3,"href":"https:\/\/mambaby.al\/index.php?rest_route=\/wp\/v2\/product\/16472\/revisions"}],"predecessor-version":[{"id":16583,"href":"https:\/\/mambaby.al\/index.php?rest_route=\/wp\/v2\/product\/16472\/revisions\/16583"}],"wp:featuredmedia":[{"embeddable":true,"href":"https:\/\/mambaby.al\/index.php?rest_route=\/wp\/v2\/media\/16474"}],"wp:attachment":[{"href":"https:\/\/mambaby.al\/index.php?rest_route=%2Fwp%2Fv2%2Fmedia&parent=16472"}],"wp:term":[{"taxonomy":"product_cat","embeddable":true,"href":"https:\/\/mambaby.al\/index.php?rest_route=%2Fwp%2Fv2%2Fproduct_cat&post=16472"},{"taxonomy":"product_tag","embeddable":true,"href":"https:\/\/mambaby.al\/index.php?rest_route=%2Fwp%2Fv2%2Fproduct_tag&post=16472"}],"curies":[{"name":"wp","href":"https:\/\/api.w.org\/{rel}","templated":true}]}}