{"id":16617,"date":"2024-11-12T16:10:14","date_gmt":"2024-11-12T16:10:14","guid":{"rendered":"https:\/\/mambaby.al\/?post_type=product&#038;p=16617"},"modified":"2025-10-14T08:36:42","modified_gmt":"2025-10-14T08:36:42","slug":"mam-original-soother-2-6-muaj-set-2pcs","status":"publish","type":"product","link":"https:\/\/mambaby.al\/?product=mam-original-soother-2-6-muaj-set-2pcs","title":{"rendered":"MAM \u00c7u\u00e7i Original Soother 2-6 Muaj &#8211; Set 2pcs"},"content":{"rendered":"<p>&#8211; Ortodontike<br \/>\n&#8211; Qet\u00ebson dhe ngush\u00ebllon foshnj\u00ebn<br \/>\n&#8211; \u00c7u\u00e7 simetrik, i holl\u00eb dhe miq\u00ebsor me nofull\u00ebn<br \/>\n&#8211; B\u00ebr\u00eb me materiale bio-rrethore<br \/>\n&#8211; N\u00eb dispozicion si \u00e7u\u00e7 MAM SkinSoft\u2122 Silicone ose \u00e7u\u00e7 natyral gome<br \/>\n&#8211; Furnizohet n\u00eb nj\u00eb kuti praktike sterilizuese dhe mbajt\u00ebse &#8211; p\u00ebr sterilizim t\u00eb p\u00ebrshtatsh\u00ebm dhe q\u00eb kursen koh\u00eb n\u00eb mikroval\u00eb<\/p>\n<p><img decoding=\"async\" class=\"alignnone wp-image-16627\" src=\"http:\/\/mambaby.al\/wp-content\/uploads\/2024\/11\/mam-original-0-silicone-detail_400x400-300x300.jpg\" alt=\"\" width=\"201\" height=\"201\" srcset=\"https:\/\/mambaby.al\/wp-content\/uploads\/2024\/11\/mam-original-0-silicone-detail_400x400-300x300.jpg 300w, https:\/\/mambaby.al\/wp-content\/uploads\/2024\/11\/mam-original-0-silicone-detail_400x400-150x150.jpg 150w, https:\/\/mambaby.al\/wp-content\/uploads\/2024\/11\/mam-original-0-silicone-detail_400x400.jpg 400w\" sizes=\"(max-width: 201px) 100vw, 201px\" \/><\/p>\n<p>1. MBUROJA<br \/>\nMburoja miq\u00ebsore p\u00ebr l\u00ebkur\u00ebn<br \/>\n2. BUTTON<br \/>\nE shpejt\u00eb dhe e leht\u00eb p\u00ebr t&#8217;u kapur. P\u00ebr lidhjen e leht\u00eb me nj\u00eb kap\u00ebse \u00e7u\u00e7i.<br \/>\n3. MAM TEAT<br \/>\n\u00c7u\u00e7 simetrik, i holl\u00eb dhe miq\u00ebsor me nofulla. Zhvilluar me ekspert\u00eb mjek\u00ebsor\u00eb.<br \/>\n4a. L\u00cbKUR\u00cb SILIKONI I BUT\u00cb<br \/>\nLeht\u00eb pranohet nga bebet. P\u00ebr nj\u00eb ndjenj\u00eb t\u00eb njohur.<\/p>\n<p><img decoding=\"async\" class=\"alignnone wp-image-16628\" src=\"http:\/\/mambaby.al\/wp-content\/uploads\/2024\/11\/mam-original-0-latex-detail-300x300.webp\" alt=\"\" width=\"201\" height=\"201\" srcset=\"https:\/\/mambaby.al\/wp-content\/uploads\/2024\/11\/mam-original-0-latex-detail-300x300.webp 300w, https:\/\/mambaby.al\/wp-content\/uploads\/2024\/11\/mam-original-0-latex-detail-800x800.webp 800w, https:\/\/mambaby.al\/wp-content\/uploads\/2024\/11\/mam-original-0-latex-detail-150x150.webp 150w, https:\/\/mambaby.al\/wp-content\/uploads\/2024\/11\/mam-original-0-latex-detail-768x768.webp 768w, https:\/\/mambaby.al\/wp-content\/uploads\/2024\/11\/mam-original-0-latex-detail-1536x1536.webp 1536w, https:\/\/mambaby.al\/wp-content\/uploads\/2024\/11\/mam-original-0-latex-detail-2048x2048.webp 2048w, https:\/\/mambaby.al\/wp-content\/uploads\/2024\/11\/mam-original-0-latex-detail-860x860.webp 860w, https:\/\/mambaby.al\/wp-content\/uploads\/2024\/11\/mam-original-0-latex-detail-430x430.webp 430w, https:\/\/mambaby.al\/wp-content\/uploads\/2024\/11\/mam-original-0-latex-detail-700x700.webp 700w\" sizes=\"(max-width: 201px) 100vw, 201px\" \/><\/p>\n<p>1. MBUROJA<br \/>\nMburoja miq\u00ebsore p\u00ebr l\u00ebkur\u00ebn<br \/>\n2. BUTTON<br \/>\nE shpejt\u00eb dhe e leht\u00eb p\u00ebr t&#8217;u kapur. P\u00ebr lidhjen e leht\u00eb t\u00eb nj\u00eb klipi.<br \/>\n3. MAM TEAT<br \/>\n\u00c7u\u00e7 simetrik, i holl\u00eb dhe miq\u00ebsor me nofulla. Zhvilluar me ekspert\u00eb mjek\u00ebsor\u00eb.<br \/>\n4b. Gome NATYRALE<br \/>\nNatyrisht i but\u00eb dhe rezistent ndaj kafshimit. Gom\u00eb natyrale me cil\u00ebsi t\u00eb lart\u00eb.<br \/>\nB\u00cbR\u00cb ME MATERIALE BIO-RRETHORE<br \/>\n2 Mburoja, butoni dhe kutia sterilizuese e b\u00ebr\u00eb nga polypropylene e lidhur me l\u00ebnd\u00ebt ushqyese bio-rrethore sipas qasjes s\u00eb bilancit masiv t\u00eb \u00e7ertifikuar nga ISCC PLUS.<\/p>\n<p><img decoding=\"async\" class=\"alignnone wp-image-16629\" src=\"http:\/\/mambaby.al\/wp-content\/uploads\/2024\/11\/mam-iconsandawards_BPA-BPS-Free-300x300.webp\" alt=\"\" width=\"81\" height=\"81\" srcset=\"https:\/\/mambaby.al\/wp-content\/uploads\/2024\/11\/mam-iconsandawards_BPA-BPS-Free-300x300.webp 300w, https:\/\/mambaby.al\/wp-content\/uploads\/2024\/11\/mam-iconsandawards_BPA-BPS-Free-150x150.webp 150w, https:\/\/mambaby.al\/wp-content\/uploads\/2024\/11\/mam-iconsandawards_BPA-BPS-Free.webp 400w\" sizes=\"(max-width: 81px) 100vw, 81px\" \/><br \/>\nT\u00eb gjitha produktet MAM jan\u00eb b\u00ebr\u00eb nga materiale pa BPA dhe BPS<\/p>\n<p><img loading=\"lazy\" decoding=\"async\" class=\"alignnone wp-image-16630\" src=\"http:\/\/mambaby.al\/wp-content\/uploads\/2024\/11\/mam-iconsandawards_skin_soft_silicone-300x300.webp\" alt=\"\" width=\"80\" height=\"80\" srcset=\"https:\/\/mambaby.al\/wp-content\/uploads\/2024\/11\/mam-iconsandawards_skin_soft_silicone-300x300.webp 300w, https:\/\/mambaby.al\/wp-content\/uploads\/2024\/11\/mam-iconsandawards_skin_soft_silicone-150x150.webp 150w, https:\/\/mambaby.al\/wp-content\/uploads\/2024\/11\/mam-iconsandawards_skin_soft_silicone.webp 400w\" sizes=\"(max-width: 80px) 100vw, 80px\" \/><br \/>\nMAM SkinSoft\u2122 Silicone: pranohet leht\u00eb nga foshnjat &#8211; p\u00ebr nj\u00eb ndjenj\u00eb t\u00eb njohur<\/p>\n<p><img loading=\"lazy\" decoding=\"async\" class=\"alignnone wp-image-16631\" src=\"http:\/\/mambaby.al\/wp-content\/uploads\/2024\/11\/mam-iconsandawards_2-6-300x300.webp\" alt=\"\" width=\"80\" height=\"80\" srcset=\"https:\/\/mambaby.al\/wp-content\/uploads\/2024\/11\/mam-iconsandawards_2-6-300x300.webp 300w, https:\/\/mambaby.al\/wp-content\/uploads\/2024\/11\/mam-iconsandawards_2-6-150x150.webp 150w, https:\/\/mambaby.al\/wp-content\/uploads\/2024\/11\/mam-iconsandawards_2-6.webp 400w\" sizes=\"(max-width: 80px) 100vw, 80px\" \/><br \/>\nP\u00ebr foshnjat nga 2 deri n\u00eb 6 muaj<\/p>\n<p><img loading=\"lazy\" decoding=\"async\" class=\"alignnone wp-image-16633\" src=\"http:\/\/mambaby.al\/wp-content\/uploads\/2024\/11\/MAM_icons_as_online_shop_1000x1000px_Sterilizer_box-300x300.webp\" alt=\"\" width=\"81\" height=\"81\" srcset=\"https:\/\/mambaby.al\/wp-content\/uploads\/2024\/11\/MAM_icons_as_online_shop_1000x1000px_Sterilizer_box-300x300.webp 300w, https:\/\/mambaby.al\/wp-content\/uploads\/2024\/11\/MAM_icons_as_online_shop_1000x1000px_Sterilizer_box-800x800.webp 800w, https:\/\/mambaby.al\/wp-content\/uploads\/2024\/11\/MAM_icons_as_online_shop_1000x1000px_Sterilizer_box-150x150.webp 150w, https:\/\/mambaby.al\/wp-content\/uploads\/2024\/11\/MAM_icons_as_online_shop_1000x1000px_Sterilizer_box-768x768.webp 768w, https:\/\/mambaby.al\/wp-content\/uploads\/2024\/11\/MAM_icons_as_online_shop_1000x1000px_Sterilizer_box-860x860.webp 860w, https:\/\/mambaby.al\/wp-content\/uploads\/2024\/11\/MAM_icons_as_online_shop_1000x1000px_Sterilizer_box-430x430.webp 430w, https:\/\/mambaby.al\/wp-content\/uploads\/2024\/11\/MAM_icons_as_online_shop_1000x1000px_Sterilizer_box-700x700.webp 700w, https:\/\/mambaby.al\/wp-content\/uploads\/2024\/11\/MAM_icons_as_online_shop_1000x1000px_Sterilizer_box.webp 1200w\" sizes=\"(max-width: 81px) 100vw, 81px\" \/><br \/>\nKy produkt vjen n\u00eb nj\u00eb kuti sterilizuese dhe mbajt\u00ebse &#8211; p\u00ebr sterilizimin e p\u00ebrshtatsh\u00ebm dhe q\u00eb kursen koh\u00eb n\u00eb mikroval\u00eb<\/p>\n<p><img loading=\"lazy\" decoding=\"async\" class=\"alignnone wp-image-16632\" src=\"http:\/\/mambaby.al\/wp-content\/uploads\/2024\/11\/MAM_icons_as_online_shop_1000x1000px_nipple_acceptance_94-300x300.webp\" alt=\"\" width=\"80\" height=\"80\" srcset=\"https:\/\/mambaby.al\/wp-content\/uploads\/2024\/11\/MAM_icons_as_online_shop_1000x1000px_nipple_acceptance_94-300x300.webp 300w, https:\/\/mambaby.al\/wp-content\/uploads\/2024\/11\/MAM_icons_as_online_shop_1000x1000px_nipple_acceptance_94-800x800.webp 800w, https:\/\/mambaby.al\/wp-content\/uploads\/2024\/11\/MAM_icons_as_online_shop_1000x1000px_nipple_acceptance_94-150x150.webp 150w, https:\/\/mambaby.al\/wp-content\/uploads\/2024\/11\/MAM_icons_as_online_shop_1000x1000px_nipple_acceptance_94-768x768.webp 768w, https:\/\/mambaby.al\/wp-content\/uploads\/2024\/11\/MAM_icons_as_online_shop_1000x1000px_nipple_acceptance_94-860x860.webp 860w, https:\/\/mambaby.al\/wp-content\/uploads\/2024\/11\/MAM_icons_as_online_shop_1000x1000px_nipple_acceptance_94-430x430.webp 430w, https:\/\/mambaby.al\/wp-content\/uploads\/2024\/11\/MAM_icons_as_online_shop_1000x1000px_nipple_acceptance_94-700x700.webp 700w, https:\/\/mambaby.al\/wp-content\/uploads\/2024\/11\/MAM_icons_as_online_shop_1000x1000px_nipple_acceptance_94.webp 1200w\" sizes=\"(max-width: 80px) 100vw, 80px\" \/><br \/>\n94% pranimi i thithkave: pranohet leht\u00eb nga foshnjat, p\u00ebr nj\u00eb ndjenj\u00eb t\u00eb njohur<\/p>\n","protected":false},"excerpt":{"rendered":"<p>&#8211; Ortodontike &#8211; Qet\u00ebson dhe ngush\u00ebllon foshnj\u00ebn &#8211; \u00c7u\u00e7 simetrik, i holl\u00eb dhe miq\u00ebsor me nofull\u00ebn &#8211; B\u00ebr\u00eb me materiale<\/p>\n","protected":false},"featured_media":16618,"comment_status":"open","ping_status":"closed","template":"","meta":[],"product_cat":[82],"product_tag":[],"class_list":{"0":"post-16617","1":"product","2":"type-product","3":"status-publish","4":"has-post-thumbnail","6":"product_cat-cuc","8":"first","9":"instock","10":"shipping-taxable","11":"purchasable","12":"product-type-simple"},"_links":{"self":[{"href":"https:\/\/mambaby.al\/index.php?rest_route=\/wp\/v2\/product\/16617","targetHints":{"allow":["GET"]}}],"collection":[{"href":"https:\/\/mambaby.al\/index.php?rest_route=\/wp\/v2\/product"}],"about":[{"href":"https:\/\/mambaby.al\/index.php?rest_route=\/wp\/v2\/types\/product"}],"replies":[{"embeddable":true,"href":"https:\/\/mambaby.al\/index.php?rest_route=%2Fwp%2Fv2%2Fcomments&post=16617"}],"version-history":[{"count":6,"href":"https:\/\/mambaby.al\/index.php?rest_route=\/wp\/v2\/product\/16617\/revisions"}],"predecessor-version":[{"id":16856,"href":"https:\/\/mambaby.al\/index.php?rest_route=\/wp\/v2\/product\/16617\/revisions\/16856"}],"wp:featuredmedia":[{"embeddable":true,"href":"https:\/\/mambaby.al\/index.php?rest_route=\/wp\/v2\/media\/16618"}],"wp:attachment":[{"href":"https:\/\/mambaby.al\/index.php?rest_route=%2Fwp%2Fv2%2Fmedia&parent=16617"}],"wp:term":[{"taxonomy":"product_cat","embeddable":true,"href":"https:\/\/mambaby.al\/index.php?rest_route=%2Fwp%2Fv2%2Fproduct_cat&post=16617"},{"taxonomy":"product_tag","embeddable":true,"href":"https:\/\/mambaby.al\/index.php?rest_route=%2Fwp%2Fv2%2Fproduct_tag&post=16617"}],"curies":[{"name":"wp","href":"https:\/\/api.w.org\/{rel}","templated":true}]}}