{"id":16638,"date":"2024-11-12T17:17:05","date_gmt":"2024-11-12T17:17:05","guid":{"rendered":"https:\/\/mambaby.al\/?post_type=product&#038;p=16638"},"modified":"2025-10-14T08:36:47","modified_gmt":"2025-10-14T08:36:47","slug":"mam-original-start-soother-0-2-muaj-set-2pcs","status":"publish","type":"product","link":"https:\/\/mambaby.al\/?product=mam-original-start-soother-0-2-muaj-set-2pcs","title":{"rendered":"MAM \u00c7u\u00e7i Original Start Soother 0-2 Muaj &#8211; 1pcs"},"content":{"rendered":"<ul>\n<li>Madh\u00ebsia ekstra e vog\u00ebl &#8211; ideale p\u00ebr t\u00eb sapolindurit<\/li>\n<li>Ortodontike<\/li>\n<li>N\u00eb dispozicion si MAM SkinSoft\u2122 Silicone \u00e7u\u00e7 ose \u00e7u\u00e7 natyror gome<\/li>\n<li>Qet\u00ebson dhe ngush\u00ebllon foshnj\u00ebn<\/li>\n<li>Furnizohet n\u00eb nj\u00eb kuti praktike sterilizuese dhe mbajt\u00ebse &#8211; p\u00ebr sterilizim t\u00eb p\u00ebrshtatsh\u00ebm dhe q\u00eb kursen koh\u00eb n\u00eb mikroval\u00eb<\/li>\n<\/ul>\n<p><img decoding=\"async\" class=\"alignnone wp-image-16640\" src=\"http:\/\/mambaby.al\/wp-content\/uploads\/2024\/11\/mam-start-0-2-silicone-detail_400x400-300x300.jpg\" alt=\"\" width=\"203\" height=\"203\" srcset=\"https:\/\/mambaby.al\/wp-content\/uploads\/2024\/11\/mam-start-0-2-silicone-detail_400x400-300x300.jpg 300w, https:\/\/mambaby.al\/wp-content\/uploads\/2024\/11\/mam-start-0-2-silicone-detail_400x400-150x150.jpg 150w, https:\/\/mambaby.al\/wp-content\/uploads\/2024\/11\/mam-start-0-2-silicone-detail_400x400.jpg 400w\" sizes=\"(max-width: 203px) 100vw, 203px\" \/><\/p>\n<p>1. MBUROJA<br \/>\nEkstra e vog\u00ebl dhe e leht\u00eb. Form\u00eb e lakuar p\u00ebr rehati maksimale. L\u00ebkur\u00eb-miq\u00ebsore fal\u00eb vrimave t\u00eb m\u00ebdha t\u00eb ajrit dhe pikat unike MAM n\u00eb brend\u00ebsi.<\/p>\n<p>2. BUTTON<br \/>\nE shpejt\u00eb dhe e leht\u00eb p\u00ebr t&#8217;u kapur. P\u00ebr lidhjen e leht\u00eb me nj\u00eb kap\u00ebse \u00e7u\u00e7i.<\/p>\n<p>3. MAM TEAT<br \/>\nForma e shesht\u00eb dhe simetrike p\u00ebrshtatet gjithmon\u00eb n\u00eb m\u00ebnyr\u00eb t\u00eb p\u00ebrkryer n\u00eb goj\u00ebn e foshnj\u00ebs. Projektuar me dentist\u00eb p\u00ebr t\u00eb mb\u00ebshtetur zhvillimin e sh\u00ebndetsh\u00ebm dentar.<\/p>\n<p>4a. L\u00cbKUR\u00cb SILIKONI I BUT\u00cb\u2122<br \/>\nLeht\u00eb pranohet nga bebet. P\u00ebr nj\u00eb ndjenj\u00eb t\u00eb njohur.<\/p>\n<p><img decoding=\"async\" class=\"alignnone wp-image-16629\" src=\"http:\/\/mambaby.al\/wp-content\/uploads\/2024\/11\/mam-iconsandawards_BPA-BPS-Free-300x300.webp\" alt=\"\" width=\"81\" height=\"81\" srcset=\"https:\/\/mambaby.al\/wp-content\/uploads\/2024\/11\/mam-iconsandawards_BPA-BPS-Free-300x300.webp 300w, https:\/\/mambaby.al\/wp-content\/uploads\/2024\/11\/mam-iconsandawards_BPA-BPS-Free-150x150.webp 150w, https:\/\/mambaby.al\/wp-content\/uploads\/2024\/11\/mam-iconsandawards_BPA-BPS-Free.webp 400w\" sizes=\"(max-width: 81px) 100vw, 81px\" \/><br \/>\nT\u00eb gjitha produktet MAM jan\u00eb b\u00ebr\u00eb nga materiale pa BPA dhe BPS<\/p>\n<p><img decoding=\"async\" class=\"alignnone wp-image-16630\" src=\"http:\/\/mambaby.al\/wp-content\/uploads\/2024\/11\/mam-iconsandawards_skin_soft_silicone-300x300.webp\" alt=\"\" width=\"80\" height=\"80\" srcset=\"https:\/\/mambaby.al\/wp-content\/uploads\/2024\/11\/mam-iconsandawards_skin_soft_silicone-300x300.webp 300w, https:\/\/mambaby.al\/wp-content\/uploads\/2024\/11\/mam-iconsandawards_skin_soft_silicone-150x150.webp 150w, https:\/\/mambaby.al\/wp-content\/uploads\/2024\/11\/mam-iconsandawards_skin_soft_silicone.webp 400w\" sizes=\"(max-width: 80px) 100vw, 80px\" \/><br \/>\nMAM SkinSoft\u2122 Silicone: pranohet leht\u00eb nga foshnjat &#8211; p\u00ebr nj\u00eb ndjenj\u00eb t\u00eb njohur<\/p>\n<p><img loading=\"lazy\" decoding=\"async\" class=\"alignnone wp-image-16633\" src=\"http:\/\/mambaby.al\/wp-content\/uploads\/2024\/11\/MAM_icons_as_online_shop_1000x1000px_Sterilizer_box-300x300.webp\" alt=\"\" width=\"81\" height=\"81\" srcset=\"https:\/\/mambaby.al\/wp-content\/uploads\/2024\/11\/MAM_icons_as_online_shop_1000x1000px_Sterilizer_box-300x300.webp 300w, https:\/\/mambaby.al\/wp-content\/uploads\/2024\/11\/MAM_icons_as_online_shop_1000x1000px_Sterilizer_box-800x800.webp 800w, https:\/\/mambaby.al\/wp-content\/uploads\/2024\/11\/MAM_icons_as_online_shop_1000x1000px_Sterilizer_box-150x150.webp 150w, https:\/\/mambaby.al\/wp-content\/uploads\/2024\/11\/MAM_icons_as_online_shop_1000x1000px_Sterilizer_box-768x768.webp 768w, https:\/\/mambaby.al\/wp-content\/uploads\/2024\/11\/MAM_icons_as_online_shop_1000x1000px_Sterilizer_box-860x860.webp 860w, https:\/\/mambaby.al\/wp-content\/uploads\/2024\/11\/MAM_icons_as_online_shop_1000x1000px_Sterilizer_box-430x430.webp 430w, https:\/\/mambaby.al\/wp-content\/uploads\/2024\/11\/MAM_icons_as_online_shop_1000x1000px_Sterilizer_box-700x700.webp 700w, https:\/\/mambaby.al\/wp-content\/uploads\/2024\/11\/MAM_icons_as_online_shop_1000x1000px_Sterilizer_box.webp 1200w\" sizes=\"(max-width: 81px) 100vw, 81px\" \/><br \/>\nKy produkt vjen n\u00eb nj\u00eb kuti sterilizuese dhe mbajt\u00ebse &#8211; p\u00ebr sterilizimin e p\u00ebrshtatsh\u00ebm dhe q\u00eb kursen koh\u00eb n\u00eb mikroval\u00eb<\/p>\n<p><img loading=\"lazy\" decoding=\"async\" class=\"alignnone wp-image-16632\" src=\"http:\/\/mambaby.al\/wp-content\/uploads\/2024\/11\/MAM_icons_as_online_shop_1000x1000px_nipple_acceptance_94-300x300.webp\" alt=\"\" width=\"80\" height=\"80\" srcset=\"https:\/\/mambaby.al\/wp-content\/uploads\/2024\/11\/MAM_icons_as_online_shop_1000x1000px_nipple_acceptance_94-300x300.webp 300w, https:\/\/mambaby.al\/wp-content\/uploads\/2024\/11\/MAM_icons_as_online_shop_1000x1000px_nipple_acceptance_94-800x800.webp 800w, https:\/\/mambaby.al\/wp-content\/uploads\/2024\/11\/MAM_icons_as_online_shop_1000x1000px_nipple_acceptance_94-150x150.webp 150w, https:\/\/mambaby.al\/wp-content\/uploads\/2024\/11\/MAM_icons_as_online_shop_1000x1000px_nipple_acceptance_94-768x768.webp 768w, https:\/\/mambaby.al\/wp-content\/uploads\/2024\/11\/MAM_icons_as_online_shop_1000x1000px_nipple_acceptance_94-860x860.webp 860w, https:\/\/mambaby.al\/wp-content\/uploads\/2024\/11\/MAM_icons_as_online_shop_1000x1000px_nipple_acceptance_94-430x430.webp 430w, https:\/\/mambaby.al\/wp-content\/uploads\/2024\/11\/MAM_icons_as_online_shop_1000x1000px_nipple_acceptance_94-700x700.webp 700w, https:\/\/mambaby.al\/wp-content\/uploads\/2024\/11\/MAM_icons_as_online_shop_1000x1000px_nipple_acceptance_94.webp 1200w\" sizes=\"(max-width: 80px) 100vw, 80px\" \/><br \/>\n94% pranimi i thithkave: pranohet leht\u00eb nga foshnjat, p\u00ebr nj\u00eb ndjenj\u00eb t\u00eb njohur<\/p>\n<p><img loading=\"lazy\" decoding=\"async\" class=\"alignnone wp-image-16641\" src=\"http:\/\/mambaby.al\/wp-content\/uploads\/2024\/11\/mam-iconsandawards_0-2m-300x300.webp\" alt=\"\" width=\"80\" height=\"80\" srcset=\"https:\/\/mambaby.al\/wp-content\/uploads\/2024\/11\/mam-iconsandawards_0-2m-300x300.webp 300w, https:\/\/mambaby.al\/wp-content\/uploads\/2024\/11\/mam-iconsandawards_0-2m-150x150.webp 150w, https:\/\/mambaby.al\/wp-content\/uploads\/2024\/11\/mam-iconsandawards_0-2m.webp 400w\" sizes=\"(max-width: 80px) 100vw, 80px\" \/><\/p>\n<p>P\u00ebr foshnjat nga 0 deri n\u00eb 2 muaj<\/p>\n","protected":false},"excerpt":{"rendered":"<p>Madh\u00ebsia ekstra e vog\u00ebl &#8211; ideale p\u00ebr t\u00eb sapolindurit Ortodontike N\u00eb dispozicion si MAM SkinSoft\u2122 Silicone \u00e7u\u00e7 ose \u00e7u\u00e7 natyror<\/p>\n","protected":false},"featured_media":16642,"comment_status":"open","ping_status":"closed","template":"","meta":[],"product_cat":[82],"product_tag":[],"class_list":{"0":"post-16638","1":"product","2":"type-product","3":"status-publish","4":"has-post-thumbnail","6":"product_cat-cuc","8":"first","9":"instock","10":"shipping-taxable","11":"purchasable","12":"product-type-simple"},"_links":{"self":[{"href":"https:\/\/mambaby.al\/index.php?rest_route=\/wp\/v2\/product\/16638","targetHints":{"allow":["GET"]}}],"collection":[{"href":"https:\/\/mambaby.al\/index.php?rest_route=\/wp\/v2\/product"}],"about":[{"href":"https:\/\/mambaby.al\/index.php?rest_route=\/wp\/v2\/types\/product"}],"replies":[{"embeddable":true,"href":"https:\/\/mambaby.al\/index.php?rest_route=%2Fwp%2Fv2%2Fcomments&post=16638"}],"version-history":[{"count":3,"href":"https:\/\/mambaby.al\/index.php?rest_route=\/wp\/v2\/product\/16638\/revisions"}],"predecessor-version":[{"id":16857,"href":"https:\/\/mambaby.al\/index.php?rest_route=\/wp\/v2\/product\/16638\/revisions\/16857"}],"wp:featuredmedia":[{"embeddable":true,"href":"https:\/\/mambaby.al\/index.php?rest_route=\/wp\/v2\/media\/16642"}],"wp:attachment":[{"href":"https:\/\/mambaby.al\/index.php?rest_route=%2Fwp%2Fv2%2Fmedia&parent=16638"}],"wp:term":[{"taxonomy":"product_cat","embeddable":true,"href":"https:\/\/mambaby.al\/index.php?rest_route=%2Fwp%2Fv2%2Fproduct_cat&post=16638"},{"taxonomy":"product_tag","embeddable":true,"href":"https:\/\/mambaby.al\/index.php?rest_route=%2Fwp%2Fv2%2Fproduct_tag&post=16638"}],"curies":[{"name":"wp","href":"https:\/\/api.w.org\/{rel}","templated":true}]}}