{"id":17024,"date":"2026-03-07T12:21:53","date_gmt":"2026-03-07T12:21:53","guid":{"rendered":"https:\/\/mambaby.al\/?post_type=product&#038;p=17024"},"modified":"2026-03-07T13:40:23","modified_gmt":"2026-03-07T13:40:23","slug":"set-dhurate-cuc-shishe-mam","status":"publish","type":"product","link":"https:\/\/mambaby.al\/?product=set-dhurate-cuc-shishe-mam","title":{"rendered":"Set Dhurat\u00eb \u00c7u\u00e7 Dhe Shishe MAM"},"content":{"rendered":"<h1 class=\"product-detail-name\">Mir\u00eb se vini n\u00eb grupin bot\u00ebror t\u00eb dhuratave<\/h1>\n<p><strong>P\u00ebrmbajtja<\/strong><\/p>\n<ul>\n<li>2x Easy Start\u2122 Anti-Colic 160 ml<\/li>\n<li>1x\u00a0Easy Start\u2122 Anti-Colic 260 ml<\/li>\n<li>1x \u00c7u\u00e7 Origjinal MAM<\/li>\n<li>1x Kap\u00ebse \u00c7u\u00e7i MAM<\/li>\n<\/ul>\n<p><strong>MAM Easy Start\u2122 Anti-Colic:<\/strong><\/p>\n<ul>\n<li><strong>Thithka e shesht\u00eb dhe e but\u00eb \u2013 si gjiri<\/strong>\u00a0i n\u00ebn\u00ebs kur ushqeni me gji<\/li>\n<li>P\u00ebr nj\u00eb kalim t\u00eb leht\u00eb midis gjirit dhe shishes<\/li>\n<li><strong>\u00a0Redukton kolikat dhe shqet\u00ebsimet &#8211;<\/strong>\u00a0m\u00eb pak kolika t\u00eb konfirmuara nga 80% e n\u00ebnave<sup>2<\/sup><\/li>\n<li>B\u00ebr\u00eb me\u00a0<strong>Materialet bio-rrethore<sup>3<\/sup><\/strong><\/li>\n<\/ul>\n<p><img decoding=\"async\" class=\"alignnone wp-image-17025\" src=\"http:\/\/mambaby.al\/wp-content\/uploads\/2026\/03\/mambaby_PDP_image_ESAC_numbers-300x300.webp\" alt=\"\" width=\"200\" height=\"200\" srcset=\"https:\/\/mambaby.al\/wp-content\/uploads\/2026\/03\/mambaby_PDP_image_ESAC_numbers-300x300.webp 300w, https:\/\/mambaby.al\/wp-content\/uploads\/2026\/03\/mambaby_PDP_image_ESAC_numbers-150x150.webp 150w, https:\/\/mambaby.al\/wp-content\/uploads\/2026\/03\/mambaby_PDP_image_ESAC_numbers.webp 400w\" sizes=\"(max-width: 200px) 100vw, 200px\" \/><\/p>\n<p><strong>1. KAPAKU I PLUHURIT<\/strong><\/p>\n<p>Rezistent ndaj derdhjes; dyfishohet si filxhan mat\u00ebs<\/p>\n<p><strong>2. L\u00cbKURA E BUT\u00cb<sup>TM<\/sup> THITHKA SILIKONI<br \/>\n<\/strong>Forma unike e shesht\u00eb simetrike \u2013 si gjiri i n\u00ebn\u00ebs kur ushqehet me gji. Sip\u00ebrfaqe silikoni e but\u00eb e m\u00ebndafsht\u00eb &#8211; p\u00ebr nj\u00eb ndjenj\u00eb t\u00eb njohur. 94% e foshnjave pranojn\u00eb thithk\u00ebn ton\u00eb n\u00eb shishe<sup>1<\/sup><\/p>\n<p><strong>3. HAPJE T\u00cb GJERA <\/strong><\/p>\n<p>Leht\u00eb p\u00ebr t&#8217;u mbushur, p\u00ebrdorur dhe pastruar<\/p>\n<p><strong>4. BAZA E VENTILUAR<\/strong><\/p>\n<p>Rrjedha e qet\u00eb parandalon f\u00ebmij\u00ebn t\u00eb g\u00eblltis\u00eb ajrin; Redukton kolikat dhe shqet\u00ebsimin e ajrit<\/p>\n<p><strong>B\u00cbR\u00cb ME MATERIALE BIO-RRETHORE<\/strong><sup>3\u00a0<\/sup><\/p>\n<p>T\u00eb gjitha pjes\u00ebt p\u00ebrve\u00e7 thithk\u00ebs jan\u00eb b\u00ebr\u00eb nga polipropileni i lidhur me l\u00ebnd\u00ebt e para bio-rrethore sipas qasjes s\u00eb bilancit t\u00eb mas\u00ebs t\u00eb certifikuar nga ISCC PLUS.<\/p>\n<p>Ky produkt plot\u00ebson k\u00ebrkesat e standardit evropian EN 14350:2020.<br \/>\nThithka e shishes p\u00ebrshtatet me t\u00eb gjitha shishet me qaf\u00eb t\u00eb gjer\u00eb MAM dhe Trainer.<\/p>\n<p><sup><em>1<\/em><\/sup><em><sub>Hulumtimi i tregut 2010-2020, testuar me 1,572 foshnja.<br \/>\n<\/sub><sup>2<\/sup><sub>Studimi n\u00eb terren, Austri 2011, testuar me 73 n\u00ebna t\u00eb foshnjave me kolika \/ Hulumtimi i tregut, SHBA 2010, testuar me 35 n\u00ebna t\u00eb foshnjave me kolika.<\/sub><\/em><\/p>\n<p>\u00c7u\u00e7i MAM Original Start:<\/p>\n<ul>\n<li>Madh\u00ebsi tep\u00ebr e vog\u00ebl\u00a0&#8211; ideale p\u00ebr t\u00eb porsalindurit<\/li>\n<li>Ortodontike<\/li>\n<li>B\u00ebr\u00eb me\u00a0Materialet bio-rrethore<sup>2<\/sup><\/li>\n<li>\u00c7u\u00e7 silikoni MAM SkinSoft\u2122<\/li>\n<\/ul>\n<p><img decoding=\"async\" class=\"alignnone wp-image-17026\" src=\"http:\/\/mambaby.al\/wp-content\/uploads\/2026\/03\/mam-start-0-2-silicone-detail_400x400-300x300.jpg\" alt=\"\" width=\"200\" height=\"200\" srcset=\"https:\/\/mambaby.al\/wp-content\/uploads\/2026\/03\/mam-start-0-2-silicone-detail_400x400-300x300.jpg 300w, https:\/\/mambaby.al\/wp-content\/uploads\/2026\/03\/mam-start-0-2-silicone-detail_400x400-150x150.jpg 150w, https:\/\/mambaby.al\/wp-content\/uploads\/2026\/03\/mam-start-0-2-silicone-detail_400x400.jpg 400w\" sizes=\"(max-width: 200px) 100vw, 200px\" \/><\/p>\n<p><strong>1. MBUROJA<br \/>\n<\/strong>Ekstra e vog\u00ebl dhe e leht\u00eb. Mburoj\u00eb miq\u00ebsore p\u00ebr l\u00ebkur\u00ebn.<\/p>\n<p><strong>\u00a0<\/strong><strong>2. BUTONI<br \/>\n<\/strong>Shpejt dhe leht\u00eb p\u00ebr t&#8217;u kuptuar. P\u00ebr ngjitjen e leht\u00eb t\u00eb nj\u00eb kap\u00ebse \u00e7u\u00e7i.<\/p>\n<p><strong>\u00a0<\/strong><strong>3. THITHKA MAM <\/strong><\/p>\n<p>Thithka simetrike, e holl\u00eb dhe miq\u00ebsore me nofull\u00ebn. Zhvilluar me ekspert\u00eb mjek\u00ebsor\u00eb.<\/p>\n<p><strong>\u00a0<\/strong><strong>4a. SILIKONI I BUT\u00cb I L\u00cbKUR\u00cbS\u2122 <\/strong><\/p>\n<p>Pranohet leht\u00ebsisht nga foshnjat. P\u00ebr nj\u00eb ndjenj\u00eb t\u00eb njohur.<\/p>\n<p><strong>B\u00cbR\u00cb ME MATERIALE BIO-RRETHORE<\/strong><sup>2\u00a0<\/sup><\/p>\n<p>Mburoj\u00eb, buton dhe kuti sterilizuese e b\u00ebr\u00eb nga polipropileni i lidhur me l\u00ebnd\u00ebt e para bio-rrethore sipas qasjes s\u00eb bilancit t\u00eb mas\u00ebs t\u00eb certifikuar nga ISCC PLUS.<\/p>\n<p><strong>Kap\u00ebsja MAM:<\/strong><\/p>\n<p><img decoding=\"async\" class=\"alignnone wp-image-17027\" src=\"http:\/\/mambaby.al\/wp-content\/uploads\/2026\/03\/clip_4_2_400x400-300x300.jpg\" alt=\"\" width=\"200\" height=\"200\" srcset=\"https:\/\/mambaby.al\/wp-content\/uploads\/2026\/03\/clip_4_2_400x400-300x300.jpg 300w, https:\/\/mambaby.al\/wp-content\/uploads\/2026\/03\/clip_4_2_400x400-150x150.jpg 150w, https:\/\/mambaby.al\/wp-content\/uploads\/2026\/03\/clip_4_2_400x400.jpg 400w\" sizes=\"(max-width: 200px) 100vw, 200px\" \/><\/p>\n<p><strong>1. UNAZA FLEKSIB\u00cbL<br \/>\n<\/strong>P\u00ebrshtatet me qet\u00ebsi me butona dhe qet\u00ebsues me dorez\u00eb<\/p>\n<p><strong>2. MEKANIZ\u00cbM RR\u00cbSHQIT\u00cbS <\/strong><\/p>\n<p>P\u00ebr funksionim me nj\u00eb dor\u00eb, fiksim t\u00eb shpejt\u00eb dhe t\u00eb leht\u00eb fal\u00eb hapjes s\u00eb gjer\u00eb<\/p>\n<p><strong>3. VELCRO<\/strong><\/p>\n<p>Lidhja fleksib\u00ebl e \u00e7u\u00e7\u00ebve, dh\u00ebmb\u00ebzuesve dhe aksesor\u00ebve t\u00eb tjer\u00eb<\/p>\n<p>Kap\u00ebsja plot\u00ebson k\u00ebrkesat e EN 12586: 2007.<\/p>\n<h4 class=\"mam-quality-icon-bar-title\">MAM do t\u00eb thot\u00eb cil\u00ebsi<\/h4>\n<div><\/div>\n<div class=\"cms-element-image mam-quality-icon-wrapper\"><img decoding=\"async\" class=\"is-cover\" src=\"https:\/\/cdn.mambaby.com\/PFmJRWr0VcUC8qUNDy-8iEsGd4iUiX82nKCr1youd90\/rs%3Afit%3A3000%3A%3A\/gravity%3Asm\/aHR0cHM6Ly93d3cubWFtYmFieS5jb20vbWVkaWEvM2QvNjEvYzAvMTc1NjE5Mzg2NS9WZWN0b3IgKDEyKS5zdmc\" alt=\"\" data-object-fit=\"cover\" \/><\/div>\n<div class=\"cms-moon-label-content-container\">\n<h5 class=\"cms-moon-label-title\">BPA &amp; BPS pa pages\u00eb<\/h5>\n<div class=\"moon-label-description-container\">\n<p>T\u00eb gjitha produktet MAM jan\u00eb b\u00ebr\u00eb nga materiale pa BPA dhe BPS<\/p>\n<div><\/div>\n<div class=\"cms-element-image mam-quality-icon-wrapper\"><img decoding=\"async\" class=\"is-cover\" src=\"https:\/\/cdn.mambaby.com\/ssxSn1bcbcZTgHzRH_oAemAXkVQcpwqSn2yavBy9lVs\/rs%3Afit%3A3000%3A%3A\/gravity%3Asm\/aHR0cHM6Ly93d3cubWFtYmFieS5jb20vbWVkaWEvZTYvODAvYzUvMTc1NjE5MzkzNi9JQ09OICgzKS5zdmc\" alt=\"\" data-object-fit=\"cover\" \/><\/div>\n<div class=\"cms-moon-label-content-container\">\n<h5 class=\"cms-moon-label-title\">Silikoni SkinSoft\u2122<\/h5>\n<div class=\"moon-label-description-container\">\n<p>Silikoni MAM SkinSoft\u2122: pranohet leht\u00ebsisht nga foshnjat &#8211; p\u00ebr nj\u00eb ndjenj\u00eb t\u00eb njohur<\/p>\n<div><\/div>\n<div class=\"cms-element-image mam-quality-icon-wrapper\"><img loading=\"lazy\" decoding=\"async\" class=\"is-cover\" src=\"https:\/\/cdn.mambaby.com\/SAL38AH_EEMzedlpSHugpK_o2ksrqyeXEHXFRlfXRc8\/rs%3Afit%3A3000%3A%3A\/gravity%3Asm\/aHR0cHM6Ly93d3cubWFtYmFieS5jb20vbWVkaWEvZjMvYWYvY2IvMTcwNjc4MTAyNS9tYW0taWNvbnNhbmRhd2FyZHNfMHBsdXNfbS5qcGc\" alt=\"\" width=\"75\" height=\"75\" data-object-fit=\"cover\" \/><\/div>\n<div class=\"cms-moon-label-content-container\">\n<div class=\"moon-label-description-container\">\n<p>P\u00ebr foshnjat nga 0 muaj<\/p>\n<div><\/div>\n<div class=\"cms-element-image mam-quality-icon-wrapper\"><img loading=\"lazy\" decoding=\"async\" class=\"is-cover\" src=\"https:\/\/cdn.mambaby.com\/ixwd_jDsLuErMeHSSllfEzCVHFeak4MX0Cwc28RNtF8\/rs%3Afit%3A3000%3A%3A\/gravity%3Asm\/aHR0cHM6Ly93d3cubWFtYmFieS5jb20vbWVkaWEvODUvODUvNWQvMTcwNjc4OTY3My9NQU1faWNvbnNfYXNfb25saW5lX3Nob3BfMTAwMHgxMDAwcHhfU2VsZi1TdGVyaWxpemluZy5qcGc\" alt=\"\" width=\"79\" height=\"79\" data-object-fit=\"cover\" \/><\/div>\n<div class=\"cms-moon-label-content-container\">\n<div class=\"moon-label-description-container\">\n<p>Ky produkt ka nj\u00eb funksion vet\u00eb-sterilizues &#8211; ideal p\u00ebr n\u00eb l\u00ebvizje<\/p>\n<div class=\"col-6 col-md-3 mam-quality-icon-bar-element\">\n<div class=\"cms-element-mam-quality justify-content-center\">\n<div class=\"cms-moon-label-container\">\n<div><\/div>\n<div class=\"cms-element-image mam-quality-icon-wrapper\"><img loading=\"lazy\" decoding=\"async\" class=\"is-cover\" src=\"https:\/\/cdn.mambaby.com\/Rue6VSoAMMVtrMh2m3Q-L8jk8wA3InBDmwKcBe3alPg\/rs%3Afit%3A3000%3A%3A\/gravity%3Asm\/aHR0cHM6Ly93d3cubWFtYmFieS5jb20vbWVkaWEvNjgvY2IvMjcvMTcwNjc4OTM0MC9NQU1faWNvbl90ZWF0XzEuanBn\" alt=\"\" width=\"74\" height=\"74\" data-object-fit=\"cover\" \/><\/div>\n<div class=\"cms-element-image mam-quality-icon-wrapper\">Shpejt\u00ebsia e rrjedhjes 1: perfekte p\u00ebr qum\u00ebshtin e gjirit dhe formul\u00ebn<\/div>\n<\/div>\n<\/div>\n<\/div>\n<div class=\"col-6 col-md-3 mam-quality-icon-bar-element\">\n<div class=\"cms-element-mam-quality justify-content-center\">\n<div class=\"cms-moon-label-container\">\n<div><\/div>\n<div class=\"cms-element-image mam-quality-icon-wrapper\"><img loading=\"lazy\" decoding=\"async\" class=\"is-cover\" src=\"https:\/\/cdn.mambaby.com\/ip4ulXoJRVTqsP0NfFRtrCb45lJYDL3DTsewly1KESk\/rs%3Afit%3A3000%3A%3A\/gravity%3Asm\/aHR0cHM6Ly93d3cubWFtYmFieS5jb20vbWVkaWEvMDEvY2IvNTkvMTcwNjc4MjUwMC9tYW0taWNvbnNhbmRhd2FyZHNfdGVhdF8yLmpwZw\" alt=\"\" width=\"77\" height=\"77\" data-object-fit=\"cover\" \/><\/div>\n<div class=\"cms-element-image mam-quality-icon-wrapper\">Shpejt\u00ebsia e rrjedhjes 2: perfekte p\u00ebr qum\u00ebshtin e gjirit dhe formul\u00ebn<\/div>\n<\/div>\n<\/div>\n<\/div>\n<div class=\"col-6 col-md-3 mam-quality-icon-bar-element\">\n<div class=\"cms-element-mam-quality justify-content-center\">\n<div class=\"cms-moon-label-container\">\n<div><\/div>\n<div class=\"cms-element-image mam-quality-icon-wrapper\"><img loading=\"lazy\" decoding=\"async\" class=\"is-cover\" src=\"https:\/\/cdn.mambaby.com\/k_1JcMcQVpG7_YHzr3EKZj_HFXp0zxXf9gGLsxIIsRM\/rs%3Afit%3A3000%3A%3A\/gravity%3Asm\/aHR0cHM6Ly93d3cubWFtYmFieS5jb20vbWVkaWEvZDgvMTEvNjkvMTc1NjE5NDAxOC9JQ09OICg0KS5zdmc\" alt=\"\" width=\"96\" height=\"64\" data-object-fit=\"cover\" \/><\/div>\n<div class=\"cms-moon-label-content-container\">\n<h5 class=\"cms-moon-label-title\">94% pranimi i thithkave<\/h5>\n<div class=\"moon-label-description-container\">\n<p>94% pranimi i thithkave: pranohet leht\u00ebsisht nga foshnjat, p\u00ebr nj\u00eb ndjenj\u00eb t\u00eb njohur*<\/p>\n<p>*Hulumtimi i tregut 2010-2023, i testuar me 1,588 foshnja.<\/p>\n<\/div>\n<div><\/div>\n<div class=\"h3 product-detail-faq-title\" style=\"text-align: center\"><strong>Pyetjet m\u00eb t\u00eb shpeshta<\/strong><\/div>\n<div id=\"faqs-accordion\" class=\"collapse-element\">\n<div class=\"card\" style=\"text-align: center\">\n<div><\/div>\n<div><\/div>\n<div id=\"faq-heading-0\" class=\"card-header\"><a class=\"card-link\" href=\"https:\/\/www.mambaby.com\/p\/welcome-to-the-world-gift-set\/100017874#\" data-bs-toggle=\"collapse\" data-bs-target=\"#faq-collapse-0\" aria-expanded=\"true\" aria-controls=\"faq-collapse-0\" data-gtm-vis-recent-on-screen37895778_964=\"92114\" data-gtm-vis-first-on-screen37895778_964=\"92114\" data-gtm-vis-total-visible-time37895778_964=\"100\" data-gtm-vis-has-fired37895778_964=\"1\"><strong>\u00c7far\u00eb \u00ebsht\u00eb kaq e ve\u00e7ant\u00eb p\u00ebr thithk\u00ebn MAM?<\/strong><\/a><\/div>\n<div id=\"faq-collapse-0\" class=\"collapse show\" aria-labelledby=\"faq-heading-0\" data-parent=\"#faqs-accordion\">\n<div class=\"p-3 card-body\">\n<p>&nbsp;<\/p>\n<p>Thithka MAM pranohet leht\u00ebsisht nga 94%* e foshnjave fal\u00eb sip\u00ebrfaqes s\u00eb saj silikoni SkinSoft\u2122 dhe form\u00ebs s\u00eb saj unike t\u00eb shesht\u00eb, t\u00eb cilat ndihen kaq t\u00eb njohura p\u00ebr foshnjat.\u00a0 \u00a0 \u00a0 \u00a0 \u00a0 \u00a0 \u00a0 \u00a0 \u00a0 \u00a0 \u00a0 \u00a0 \u00a0 \u00a0 \u00a0 \u00a0 \u00a0 \u00a0 \u00a0 \u00a0 \u00a0 \u00a0 \u00a0 \u00a0 \u00a0 \u00a0 \u00a0 \u00a0 \u00a0 \u00a0 \u00a0 \u00a0 \u00a0 \u00a0 \u00a0 \u00a0 \u00a0 \u00a0 \u00a0 \u00a0 \u00a0 \u00a0 \u00a0 \u00a0 \u00a0 \u00a0 \u00a0 \u00a0 \u00a0 \u00a0 \u00a0 \u00a0 \u00a0 \u00a0 \u00a0 \u00a0 \u00a0 \u00a0 \u00a0 \u00a0 \u00a0 \u00a0 \u00a0 \u00a0 \u00a0 \u00a0 \u00a0 \u00a0 \u00a0 \u00a0 \u00a0 \u00a0 \u00a0 \u00a0 \u00a0 \u00a0 \u00a0 \u00a0 \u00a0 \u00a0 \u00a0 \u00a0 \u00a0 \u00a0 \u00a0 \u00a0Kjo leht\u00ebson nj\u00eb kalim midis ushqyerjes me gji dhe biberon.<\/p>\n<p>(*Hulumtimi i tregut 2009-2023, testuar me 1,808 foshnja)<\/p>\n<\/div>\n<\/div>\n<\/div>\n<div class=\"card\" style=\"text-align: center\">\n<div><\/div>\n<div id=\"faq-heading-1\" class=\"card-header\"><a class=\"card-link\" href=\"https:\/\/www.mambaby.com\/p\/welcome-to-the-world-gift-set\/100017874#\" data-bs-toggle=\"collapse\" data-bs-target=\"#faq-collapse-1\" aria-expanded=\"true\" aria-controls=\"faq-collapse-1\" data-gtm-vis-has-fired37895778_964=\"1\"><strong>A \u00ebsht\u00eb e r\u00ebnd\u00ebsishme forma e biberonit dhe thithk\u00ebs?<\/strong><\/a><\/div>\n<div id=\"faq-collapse-1\" class=\"collapse show\" aria-labelledby=\"faq-heading-1\" data-parent=\"#faqs-accordion\">\n<div class=\"p-3 card-body\">\n<p>\u00a0Po, <b>biberon\u00ebt tan\u00eb MAM mb\u00ebshtesin zhvillimin e sh\u00ebndetsh\u00ebm t\u00eb nofull\u00ebs dhe dh\u00ebmb\u00ebve t\u00eb foshnj\u00ebs<\/b>.\u00a0 \u00a0 \u00a0 \u00a0 \u00a0 \u00a0 \u00a0 \u00a0 \u00a0 \u00a0 \u00a0 \u00a0 \u00a0 \u00a0 \u00a0MAM bashk\u00ebpunon me ekspert\u00eb mjek\u00ebsor\u00eb nga disiplina t\u00eb ndryshme p\u00ebr t\u00eb ndihmuar n\u00eb zhvillimin dhe dizajnimin e biberonave\u00a0 \u00a0inovative, n\u00eb form\u00eb fiziologjike q\u00eb i p\u00ebrshtaten fazave t\u00eb ndryshme t\u00eb zhvillimit t\u00eb foshnj\u00ebs.\u00a0 \u00a0 \u00a0 \u00a0 \u00a0 \u00a0 \u00a0 \u00a0 \u00a0 \u00a0 \u00a0 \u00a0 \u00a0 \u00a0 \u00a0 \u00a0 \u00a0 \u00a0 \u00a0 \u00a0 \u00a0 \u00a0 \u00a0 \u00a0 \u00a0 \u00a0 \u00a0 \u00a0 \u00a0 \u00a0 \u00a0 \u00a0 \u00a0 \u00a0 \u00a0 \u00a0 \u00a0 \u00a0 \u00a0 \u00a0 \u00a0T\u00eb gjitha biberon\u00ebt MAM kan\u00eb nj\u00eb <b>form\u00eb t\u00eb shesht\u00eb dhe simetrike t\u00eb thithk\u00ebs<\/b>: nuk ka &#8216;lart&#8217; ose &#8216;posht\u00eb&#8217;.\u00a0 \u00a0 \u00a0 \u00a0 \u00a0 \u00a0 \u00a0 \u00a0 \u00a0 \u00a0 \u00a0 \u00a0 \u00a0 \u00a0 \u00a0 \u00a0 \u00a0 \u00a0 \u00a0 \u00a0 \u00a0 \u00a0Kjo form\u00eb e ve\u00e7ant\u00eb e thithk\u00ebs siguron q\u00eb biberon\u00ebt tan\u00eb t\u00eb jen\u00eb gjithmon\u00eb t\u00eb pozicionuar sakt\u00eb n\u00eb goj\u00ebn e foshnjave.\u00a0 \u00a0 \u00a0 \u00a0 \u00a0 \u00a0 \u00a0 \u00a0 \u00a0 \u00a0Biberonat MAM kan\u00eb nj\u00eb <b>sistem ventilimi<\/b> n\u00eb thithk\u00eb.\u00a0 \u00a0 \u00a0 \u00a0 \u00a0 \u00a0 \u00a0 \u00a0 \u00a0 \u00a0 \u00a0 \u00a0 \u00a0 \u00a0 \u00a0 \u00a0 \u00a0 \u00a0 \u00a0 \u00a0 \u00a0 \u00a0 \u00a0 \u00a0 \u00a0 \u00a0 \u00a0 \u00a0 \u00a0 \u00a0 \u00a0 \u00a0 \u00a0 \u00a0 \u00a0 \u00a0 \u00a0 \u00a0 \u00a0 \u00a0 \u00a0 \u00a0 \u00a0 \u00a0 \u00a0 \u00a0 \u00a0 \u00a0 \u00a0 \u00a0 \u00a0 \u00a0 \u00a0 \u00a0 \u00a0 \u00a0 \u00a0 \u00a0 \u00a0 \u00a0 \u00a0 \u00a0 \u00a0 \u00a0 \u00a0 \u00a0 \u00a0 \u00a0 \u00a0 \u00a0 \u00a0 \u00a0N\u00eb m\u00eb shum\u00eb detaje, kur f\u00ebmija juaj mbyll goj\u00ebn n\u00eb thithk\u00eb, ajri nga brenda thithk\u00ebs shtyhet jasht\u00eb p\u00ebrmes sistemit t\u00eb ventilimit, duke\u00a0 \u00a0rrafshuar k\u00ebshtu thithk\u00ebn dhe<b>\u00a0duke u p\u00ebrshtatur me zgavr\u00ebn individuale t\u00eb goj\u00ebs s\u00eb foshnj\u00ebs<\/b>.<\/p>\n<\/div>\n<\/div>\n<\/div>\n<div class=\"card\">\n<div style=\"text-align: center\"><\/div>\n<div id=\"faq-heading-2\" class=\"card-header\" style=\"text-align: center\"><a class=\"card-link\" href=\"https:\/\/www.mambaby.com\/p\/welcome-to-the-world-gift-set\/100017874#\" data-bs-toggle=\"collapse\" data-bs-target=\"#faq-collapse-2\" aria-expanded=\"true\" aria-controls=\"faq-collapse-2\" data-gtm-vis-has-fired37895778_964=\"1\"><strong>Si funksionon funksioni vet\u00eb-sterilizues i shishes Easy Start\u2122 Anti-Colic?<\/strong><\/a><\/div>\n<div id=\"faq-collapse-2\" class=\"collapse show\" aria-labelledby=\"faq-heading-2\" data-parent=\"#faqs-accordion\">\n<div class=\"p-3 card-body\">\n<p style=\"text-align: center\"><b>Vet\u00eb-sterilizimi<\/b><\/p>\n<ul style=\"text-align: center\">\n<li>Funksioni vet\u00eb-sterilizues i shishes Easy Start \u00ebsht\u00eb provuar t\u00eb jet\u00eb efektiv p\u00ebr vrasjen e mikrobeve dhe baktereve t\u00eb zakonshme sht\u00ebpiake. Kjo metod\u00eb \u00ebsht\u00eb plot\u00ebsisht e mjaftueshme dhe e sigurt. P\u00ebr rezultatet m\u00eb t\u00eb mira, ju lutemi ndiqni me kujdes t\u00eb gjitha udh\u00ebzimet dhe p\u00ebrdorni vet\u00ebm sipas udh\u00ebzimeve.<\/li>\n<li>Pastroni gjithmon\u00eb t\u00ebr\u00ebsisht pjes\u00ebt individuale t\u00eb shisheve p\u00ebrpara se t\u00eb filloni k\u00ebt\u00eb proces!<\/li>\n<li>Pas pastrimit, mblidhni pjes\u00ebt e shisheve si m\u00eb posht\u00eb: baz\u00eb me valvul silikoni, thithka me unaz\u00eb vid\u00eb, trupi i shishes dhe kapak mbrojt\u00ebs.<\/li>\n<\/ul>\n<p style=\"text-align: center\"><img loading=\"lazy\" decoding=\"async\" class=\"alignnone size-medium wp-image-17037\" src=\"http:\/\/mambaby.al\/wp-content\/uploads\/2026\/03\/MAM_esac_self_sterilising_3_steps_1200x600px-400x200.webp\" alt=\"\" width=\"400\" height=\"200\" srcset=\"https:\/\/mambaby.al\/wp-content\/uploads\/2026\/03\/MAM_esac_self_sterilising_3_steps_1200x600px-400x200.webp 400w, https:\/\/mambaby.al\/wp-content\/uploads\/2026\/03\/MAM_esac_self_sterilising_3_steps_1200x600px-768x384.webp 768w, https:\/\/mambaby.al\/wp-content\/uploads\/2026\/03\/MAM_esac_self_sterilising_3_steps_1200x600px-860x430.webp 860w, https:\/\/mambaby.al\/wp-content\/uploads\/2026\/03\/MAM_esac_self_sterilising_3_steps_1200x600px-430x215.webp 430w, https:\/\/mambaby.al\/wp-content\/uploads\/2026\/03\/MAM_esac_self_sterilising_3_steps_1200x600px-700x350.webp 700w, https:\/\/mambaby.al\/wp-content\/uploads\/2026\/03\/MAM_esac_self_sterilising_3_steps_1200x600px-150x75.webp 150w, https:\/\/mambaby.al\/wp-content\/uploads\/2026\/03\/MAM_esac_self_sterilising_3_steps_1200x600px.webp 1200w\" sizes=\"(max-width: 400px) 100vw, 400px\" \/><\/p>\n<div style=\"text-align: center\">\n<p>&nbsp;<\/p>\n<p><b>Hapi 1<\/b>: Matni 20 ml uj\u00eb t\u00eb ftoht\u00eb duke p\u00ebrdorur kapakun e shishes. Mbushni baz\u00ebn me valvul silikoni me 20 ml uj\u00eb t\u00eb ftoht\u00eb.<\/p>\n<p><b>Hapi 2<\/b>: Vendosni unaz\u00ebn e vid\u00ebs me thithk\u00ebn n\u00eb baz\u00ebn e shishes. Vendosni trupin e shishes mbi t\u00eb. Vidhoseni VET\u00cbM PAK p\u00ebr t\u00eb shmangur derdhjen e ujit t\u00eb nxeht\u00eb kur hiqni shishen nga mikrovala. <b>MOS E VIDHOSNI PLOT\u00cbSISHT.<\/b><\/p>\n<p><b>Hapi 3<\/b>: Vendosni kapak mbrojt\u00ebs sip\u00ebr. Vendosni koh\u00ebmat\u00ebsin e mikroval\u00ebs sipas numrit t\u00eb shisheve duke u pastruar nj\u00ebkoh\u00ebsisht. Vendosni mikroval\u00ebn nga 500 n\u00eb 1000 Watts.<\/p>\n<p>&nbsp;<\/p>\n<p><img loading=\"lazy\" decoding=\"async\" class=\"img-fluid\" src=\"https:\/\/cdn.mambaby.com\/xFzhn5kdYcmd3ZPp9bmzFyN42PdhTu-E4DCvVXiW6us\/rs:fit:3000::\/gravity:sm\/aHR0cHM6Ly93d3cubWFtYmFieS5jb20vbWVkaWEvMWUvMmIvNTUvMTcyNzY4MTAwNC9NQU1fdGFiZWxsZW5fc3RlcmlsaXNpZXJ6ZWl0LWVhc3lfc3RhcnRfRU4ucG5n\" alt=\"aHR0cHM6Ly93d3cubWFtYmFieS5jb20vbWVkaWEvMWUvMmIvNTUvMTcyNzY4MTAwNC9NQU1fdGFiZWxsZW5fc3RlcmlsaXNpZXJ6ZWl0LWVhc3lfc3RhcnRfRU4ucG5n\" width=\"565\" height=\"48\" \/><\/p>\n<p>&nbsp;<\/p>\n<ul>\n<li>Pas vet\u00eb-sterilizimit, l\u00ebreni shishen t\u00eb ftohet p\u00ebrpara se ta hiqet nga mikrovala.<\/li>\n<li><b>Koha e rekomanduar e ftohjes t\u00eb pakt\u00ebn 10 minuta me der\u00ebn e hapur t\u00eb mikroval\u00ebs.\u00a0<\/b>Kini kujdes t\u00eb mbani baz\u00ebn dhe mbajeni shishen drejt kur hiqni nga mikrovala p\u00ebr t\u00eb shmangur derdhjen e ujit t\u00eb nxeht\u00eb.<\/li>\n<li>Pas p\u00ebrfundimit t\u00eb procesit, shishja Easy Start mbetet e dezinfektuar deri n\u00eb 48 or\u00eb pas vet\u00eb-sterilizimit n\u00eb mikroval\u00eb, me kusht q\u00eb t\u00eb mbetet e montuar si\u00e7 e kemi treguar n\u00eb Hapin 3.<\/li>\n<li>P\u00ebr p\u00ebrdorim t\u00eb menj\u00ebhersh\u00ebm: Hidhni ujin e mbetur nga baza. Lejon pjes\u00ebt e shishes p\u00ebr t&#8217;u thar\u00eb.<\/li>\n<li>Ruani gjithmon\u00eb shishen e montuar.<\/li>\n<\/ul>\n<\/div>\n<div style=\"text-align: center\"><\/div>\n<div style=\"text-align: center\"><b>FAKTE T\u00cb R\u00cbND\u00cbSISHME &#8211; P\u00ebr sterilizimin e sakt\u00eb me mikroval\u00eb<\/b><\/div>\n<div>\n<ul>\n<li style=\"text-align: center\"><b>Sigurohuni q\u00eb t\u00eb gjitha pjes\u00ebt e shishes vet\u00eb-sterilizuese dhe mikroval\u00ebs (p\u00ebrfshir\u00eb mbulesa e udh\u00ebzuesit t\u00eb val\u00ebs dhe pllaka rrotulluese) jan\u00eb plot\u00ebsisht t\u00eb pastra dhe pa papast\u00ebrti, ushqim mbetje, yndyr\u00eb ose sp\u00ebrkatje vaji. N\u00ebse jo, kjo mund t\u00eb \u00e7oj\u00eb n\u00eb shkrirjen e produktit, shk\u00ebndija e mikroval\u00ebs ose djegia e mbules\u00ebs s\u00eb udh\u00ebzuesit t\u00eb val\u00ebs!<\/b><\/li>\n<li style=\"text-align: center\">Shishja Easy Start Anti-Colic duhet t\u00eb vendoset vet\u00ebm n\u00eb sip\u00ebrfaqe t\u00eb forta dhe t\u00eb sheshta.<\/li>\n<li style=\"text-align: center\">Mos e vendosni shishen Easy Start Anti-Colic n\u00eb qend\u00ebr t\u00eb pllak\u00ebs rrotulluese si kjo mund t\u00eb rezultoj\u00eb n\u00eb nj\u00eb shp\u00ebrndarje t\u00eb pabarabart\u00eb t\u00eb nxeht\u00ebsis\u00eb.<\/li>\n<li style=\"text-align: center\">Mos e lini mikroval\u00ebn tuaj pa mbik\u00ebqyrje gjat\u00eb procesit t\u00eb sterilizimit.<\/li>\n<li style=\"text-align: center\">Asnj\u00ebher\u00eb mos e vendosni pajisjen n\u00eb mikroval\u00eb pa uj\u00eb.<\/li>\n<li style=\"text-align: center\">Ndaloni menj\u00ebher\u00eb procesin e mikroval\u00ebs n\u00ebse i gjith\u00eb uji \u00ebsht\u00eb avulluar!<\/li>\n<li style=\"text-align: center\">Mbushja e baz\u00ebs me uj\u00eb t\u00eb tep\u00ebrt ose jo t\u00eb mjaftuesh\u00ebm mund t\u00eb d\u00ebmtoj\u00eb shishen.<\/li>\n<li style=\"text-align: center\">Vendosni gjithmon\u00eb mikroval\u00ebn n\u00eb fuqin\u00eb dhe koh\u00ebn e duhur.<\/li>\n<li style=\"text-align: center\">N\u00ebse p\u00ebrdorni nj\u00eb furr\u00eb me mikroval\u00eb t\u00eb kombinuar, sigurohuni q\u00eb shishja Easy Start Anti-Colic nuk \u00ebsht\u00eb i ekspozuar ndaj nxeht\u00ebsis\u00eb s\u00eb skar\u00ebs sepse kjo do ta d\u00ebmtoj\u00eb at\u00eb.<\/li>\n<li style=\"text-align: center\">Kini kujdes kur trajtoni artikuj t\u00eb dezinfektuar koh\u00ebt e fundit: ato mund t\u00eb jen\u00eb ende t\u00eb nxehta.<\/li>\n<li style=\"text-align: center\">Lani duart para se t\u00eb prekni sendet e dezinfektuara.<\/li>\n<li style=\"text-align: center\">Kini kujdes t\u00eb mbani baz\u00ebn dhe vazhdoni ta mbani shishen drejt kur e hiqni nga mikrovala p\u00ebr t\u00eb shmangur derdhjen e ujit t\u00eb nxeht\u00eb t\u00eb mbetur.<\/li>\n<li style=\"text-align: center\">Mos lani shishen Easy Start Anti-Colic pas dezinfektimit.<\/li>\n<li style=\"text-align: center\">Mos e prekni thithk\u00ebn pas dezinfektimit. Trajtoni thithk\u00ebn duke p\u00ebrdorur unaz\u00ebn e vid\u00ebs.<\/li>\n<\/ul>\n<\/div>\n<\/div>\n<\/div>\n<\/div>\n<\/div>\n<\/div>\n<\/div>\n<\/div>\n<\/div>\n<\/div>\n<\/div>\n<\/div>\n<\/div>\n<\/div>\n<\/div>\n<\/div>\n<\/div>\n","protected":false},"excerpt":{"rendered":"<p>Mir\u00eb se vini n\u00eb grupin bot\u00ebror t\u00eb dhuratave P\u00ebrmbajtja 2x Easy Start\u2122 Anti-Colic 160 ml 1x\u00a0Easy Start\u2122 Anti-Colic 260 ml<\/p>\n","protected":false},"featured_media":17028,"comment_status":"open","ping_status":"closed","template":"","meta":[],"product_cat":[88],"product_tag":[],"class_list":{"0":"post-17024","1":"product","2":"type-product","3":"status-publish","4":"has-post-thumbnail","6":"product_cat-komplete-dhuratash","8":"first","9":"instock","10":"shipping-taxable","11":"purchasable","12":"product-type-simple"},"_links":{"self":[{"href":"https:\/\/mambaby.al\/index.php?rest_route=\/wp\/v2\/product\/17024","targetHints":{"allow":["GET"]}}],"collection":[{"href":"https:\/\/mambaby.al\/index.php?rest_route=\/wp\/v2\/product"}],"about":[{"href":"https:\/\/mambaby.al\/index.php?rest_route=\/wp\/v2\/types\/product"}],"replies":[{"embeddable":true,"href":"https:\/\/mambaby.al\/index.php?rest_route=%2Fwp%2Fv2%2Fcomments&post=17024"}],"version-history":[{"count":12,"href":"https:\/\/mambaby.al\/index.php?rest_route=\/wp\/v2\/product\/17024\/revisions"}],"predecessor-version":[{"id":17102,"href":"https:\/\/mambaby.al\/index.php?rest_route=\/wp\/v2\/product\/17024\/revisions\/17102"}],"wp:featuredmedia":[{"embeddable":true,"href":"https:\/\/mambaby.al\/index.php?rest_route=\/wp\/v2\/media\/17028"}],"wp:attachment":[{"href":"https:\/\/mambaby.al\/index.php?rest_route=%2Fwp%2Fv2%2Fmedia&parent=17024"}],"wp:term":[{"taxonomy":"product_cat","embeddable":true,"href":"https:\/\/mambaby.al\/index.php?rest_route=%2Fwp%2Fv2%2Fproduct_cat&post=17024"},{"taxonomy":"product_tag","embeddable":true,"href":"https:\/\/mambaby.al\/index.php?rest_route=%2Fwp%2Fv2%2Fproduct_tag&post=17024"}],"curies":[{"name":"wp","href":"https:\/\/api.w.org\/{rel}","templated":true}]}}